{"id":1829,"date":"2025-07-02T11:31:19","date_gmt":"2025-07-02T09:31:19","guid":{"rendered":"https:\/\/imacellotti.it\/prodotto\/salame-contadino-pistacchio\/"},"modified":"2025-09-25T23:29:45","modified_gmt":"2025-09-25T21:29:45","slug":"salame-contadino-pistacchio","status":"publish","type":"product","link":"https:\/\/imacellotti.it\/fr\/produit\/salame-contadino-pistacchio\/","title":{"rendered":"SALAME CONTADINO AL PISTACCHIO"},"content":{"rendered":"","protected":false},"excerpt":{"rendered":"<p class=\"p1\">Au caract\u00e8re unique et enveloppant<br \/>\nCombine la tradition rustique avec une touche de raffinement.<br \/>\nFabriqu\u00e9 \u00e0 partir de viande porcine s\u00e9lectionn\u00e9e et enrichi avec des pistaches enti\u00e8res, il offre un agr\u00e9able contraste<br \/>\nde saveurs et une texture croquante.<br \/>\nLa maturation lente en exalte le go\u00fbt plein et harmonieux, ce qui le rend id\u00e9al pour les plats \u00e9l\u00e9gants et les ap\u00e9ritifs sp\u00e9ciaux.<\/p>\n","protected":false},"featured_media":1360,"comment_status":"open","ping_status":"closed","template":"","meta":[],"product_brand":[],"product_cat":[255],"product_tag":[],"class_list":["post-1829","product","type-product","status-publish","has-post-thumbnail","product_cat-salami-contadini-fr","first","instock","shipping-taxable","product-type-simple"],"yoast_head":"<!-- This site is optimized with the Yoast SEO plugin v26.0 - https:\/\/yoast.com\/wordpress\/plugins\/seo\/ -->\n<title>SALAME CONTADINO AL PISTACCHIO - I Macellotti<\/title>\n<meta name=\"robots\" content=\"index, follow, max-snippet:-1, max-image-preview:large, max-video-preview:-1\" \/>\n<link rel=\"canonical\" href=\"https:\/\/imacellotti.it\/fr\/produit\/salame-contadino-pistacchio\/\" \/>\n<meta property=\"og:locale\" content=\"fr_FR\" \/>\n<meta property=\"og:type\" content=\"article\" \/>\n<meta property=\"og:title\" content=\"SALAME CONTADINO AL PISTACCHIO - I Macellotti\" \/>\n<meta property=\"og:description\" content=\"Au caract\u00e8re unique et enveloppant Combine la tradition rustique avec une touche de raffinement. Fabriqu\u00e9 \u00e0 partir de viande porcine s\u00e9lectionn\u00e9e et enrichi avec des pistaches enti\u00e8res, il offre un agr\u00e9able contraste de saveurs et une texture croquante. La maturation lente en exalte le go\u00fbt plein et harmonieux, ce qui le rend id\u00e9al pour les plats \u00e9l\u00e9gants et les ap\u00e9ritifs sp\u00e9ciaux.\" \/>\n<meta property=\"og:url\" content=\"https:\/\/imacellotti.it\/fr\/produit\/salame-contadino-pistacchio\/\" \/>\n<meta property=\"og:site_name\" content=\"I Macellotti\" \/>\n<meta property=\"article:modified_time\" content=\"2025-09-25T21:29:45+00:00\" \/>\n<meta property=\"og:image\" content=\"https:\/\/imacellotti.it\/wp-content\/uploads\/2025\/07\/Contadino-Pistacchio-1.jpg\" \/>\n\t<meta property=\"og:image:width\" content=\"1080\" \/>\n\t<meta property=\"og:image:height\" content=\"1080\" \/>\n\t<meta property=\"og:image:type\" content=\"image\/jpeg\" \/>\n<meta name=\"twitter:card\" content=\"summary_large_image\" \/>\n<script type=\"application\/ld+json\" class=\"yoast-schema-graph\">{\"@context\":\"https:\/\/schema.org\",\"@graph\":[{\"@type\":\"WebPage\",\"@id\":\"https:\/\/imacellotti.it\/fr\/produit\/salame-contadino-pistacchio\/\",\"url\":\"https:\/\/imacellotti.it\/fr\/produit\/salame-contadino-pistacchio\/\",\"name\":\"SALAME CONTADINO AL PISTACCHIO - I Macellotti\",\"isPartOf\":{\"@id\":\"https:\/\/imacellotti.it\/#website\"},\"primaryImageOfPage\":{\"@id\":\"https:\/\/imacellotti.it\/fr\/produit\/salame-contadino-pistacchio\/#primaryimage\"},\"image\":{\"@id\":\"https:\/\/imacellotti.it\/fr\/produit\/salame-contadino-pistacchio\/#primaryimage\"},\"thumbnailUrl\":\"https:\/\/imacellotti.it\/wp-content\/uploads\/2025\/07\/Contadino-Pistacchio-1.jpg\",\"datePublished\":\"2025-07-02T09:31:19+00:00\",\"dateModified\":\"2025-09-25T21:29:45+00:00\",\"breadcrumb\":{\"@id\":\"https:\/\/imacellotti.it\/fr\/produit\/salame-contadino-pistacchio\/#breadcrumb\"},\"inLanguage\":\"fr-FR\",\"potentialAction\":[{\"@type\":\"ReadAction\",\"target\":[\"https:\/\/imacellotti.it\/fr\/produit\/salame-contadino-pistacchio\/\"]}]},{\"@type\":\"ImageObject\",\"inLanguage\":\"fr-FR\",\"@id\":\"https:\/\/imacellotti.it\/fr\/produit\/salame-contadino-pistacchio\/#primaryimage\",\"url\":\"https:\/\/imacellotti.it\/wp-content\/uploads\/2025\/07\/Contadino-Pistacchio-1.jpg\",\"contentUrl\":\"https:\/\/imacellotti.it\/wp-content\/uploads\/2025\/07\/Contadino-Pistacchio-1.jpg\",\"width\":1080,\"height\":1080},{\"@type\":\"BreadcrumbList\",\"@id\":\"https:\/\/imacellotti.it\/fr\/produit\/salame-contadino-pistacchio\/#breadcrumb\",\"itemListElement\":[{\"@type\":\"ListItem\",\"position\":1,\"name\":\"Home\",\"item\":\"https:\/\/imacellotti.it\/\"},{\"@type\":\"ListItem\",\"position\":2,\"name\":\"Boutique\",\"item\":\"https:\/\/imacellotti.it\/fr\/boutique\/\"},{\"@type\":\"ListItem\",\"position\":3,\"name\":\"SALAME CONTADINO AL PISTACCHIO\"}]},{\"@type\":\"WebSite\",\"@id\":\"https:\/\/imacellotti.it\/#website\",\"url\":\"https:\/\/imacellotti.it\/\",\"name\":\"I Macellotti\",\"description\":\"Vente de produits alimentaires\",\"publisher\":{\"@id\":\"https:\/\/imacellotti.it\/#organization\"},\"potentialAction\":[{\"@type\":\"SearchAction\",\"target\":{\"@type\":\"EntryPoint\",\"urlTemplate\":\"https:\/\/imacellotti.it\/?s={search_term_string}\"},\"query-input\":{\"@type\":\"PropertyValueSpecification\",\"valueRequired\":true,\"valueName\":\"search_term_string\"}}],\"inLanguage\":\"fr-FR\"},{\"@type\":\"Organization\",\"@id\":\"https:\/\/imacellotti.it\/#organization\",\"name\":\"I Macellotti\",\"url\":\"https:\/\/imacellotti.it\/\",\"logo\":{\"@type\":\"ImageObject\",\"inLanguage\":\"fr-FR\",\"@id\":\"https:\/\/imacellotti.it\/#\/schema\/logo\/image\/\",\"url\":\"https:\/\/imacellotti.it\/wp-content\/uploads\/2025\/07\/LOGO_ITA_SF_I_MACELLOTTI_SCRITTA_IN-marrone-scaled.png\",\"contentUrl\":\"https:\/\/imacellotti.it\/wp-content\/uploads\/2025\/07\/LOGO_ITA_SF_I_MACELLOTTI_SCRITTA_IN-marrone-scaled.png\",\"width\":2560,\"height\":2560,\"caption\":\"I Macellotti\"},\"image\":{\"@id\":\"https:\/\/imacellotti.it\/#\/schema\/logo\/image\/\"}}]}<\/script>\n<!-- \/ Yoast SEO plugin. -->","yoast_head_json":{"title":"SALAME CONTADINO AL PISTACCHIO - I Macellotti","robots":{"index":"index","follow":"follow","max-snippet":"max-snippet:-1","max-image-preview":"max-image-preview:large","max-video-preview":"max-video-preview:-1"},"canonical":"https:\/\/imacellotti.it\/fr\/produit\/salame-contadino-pistacchio\/","og_locale":"fr_FR","og_type":"article","og_title":"SALAME CONTADINO AL PISTACCHIO - I Macellotti","og_description":"Au caract\u00e8re unique et enveloppant Combine la tradition rustique avec une touche de raffinement. Fabriqu\u00e9 \u00e0 partir de viande porcine s\u00e9lectionn\u00e9e et enrichi avec des pistaches enti\u00e8res, il offre un agr\u00e9able contraste de saveurs et une texture croquante. La maturation lente en exalte le go\u00fbt plein et harmonieux, ce qui le rend id\u00e9al pour les plats \u00e9l\u00e9gants et les ap\u00e9ritifs sp\u00e9ciaux.","og_url":"https:\/\/imacellotti.it\/fr\/produit\/salame-contadino-pistacchio\/","og_site_name":"I Macellotti","article_modified_time":"2025-09-25T21:29:45+00:00","og_image":[{"width":1080,"height":1080,"url":"https:\/\/imacellotti.it\/wp-content\/uploads\/2025\/07\/Contadino-Pistacchio-1.jpg","type":"image\/jpeg"}],"twitter_card":"summary_large_image","schema":{"@context":"https:\/\/schema.org","@graph":[{"@type":"WebPage","@id":"https:\/\/imacellotti.it\/fr\/produit\/salame-contadino-pistacchio\/","url":"https:\/\/imacellotti.it\/fr\/produit\/salame-contadino-pistacchio\/","name":"SALAME CONTADINO AL PISTACCHIO - I Macellotti","isPartOf":{"@id":"https:\/\/imacellotti.it\/#website"},"primaryImageOfPage":{"@id":"https:\/\/imacellotti.it\/fr\/produit\/salame-contadino-pistacchio\/#primaryimage"},"image":{"@id":"https:\/\/imacellotti.it\/fr\/produit\/salame-contadino-pistacchio\/#primaryimage"},"thumbnailUrl":"https:\/\/imacellotti.it\/wp-content\/uploads\/2025\/07\/Contadino-Pistacchio-1.jpg","datePublished":"2025-07-02T09:31:19+00:00","dateModified":"2025-09-25T21:29:45+00:00","breadcrumb":{"@id":"https:\/\/imacellotti.it\/fr\/produit\/salame-contadino-pistacchio\/#breadcrumb"},"inLanguage":"fr-FR","potentialAction":[{"@type":"ReadAction","target":["https:\/\/imacellotti.it\/fr\/produit\/salame-contadino-pistacchio\/"]}]},{"@type":"ImageObject","inLanguage":"fr-FR","@id":"https:\/\/imacellotti.it\/fr\/produit\/salame-contadino-pistacchio\/#primaryimage","url":"https:\/\/imacellotti.it\/wp-content\/uploads\/2025\/07\/Contadino-Pistacchio-1.jpg","contentUrl":"https:\/\/imacellotti.it\/wp-content\/uploads\/2025\/07\/Contadino-Pistacchio-1.jpg","width":1080,"height":1080},{"@type":"BreadcrumbList","@id":"https:\/\/imacellotti.it\/fr\/produit\/salame-contadino-pistacchio\/#breadcrumb","itemListElement":[{"@type":"ListItem","position":1,"name":"Home","item":"https:\/\/imacellotti.it\/"},{"@type":"ListItem","position":2,"name":"Boutique","item":"https:\/\/imacellotti.it\/fr\/boutique\/"},{"@type":"ListItem","position":3,"name":"SALAME CONTADINO AL PISTACCHIO"}]},{"@type":"WebSite","@id":"https:\/\/imacellotti.it\/#website","url":"https:\/\/imacellotti.it\/","name":"I Macellotti","description":"Vente de produits alimentaires","publisher":{"@id":"https:\/\/imacellotti.it\/#organization"},"potentialAction":[{"@type":"SearchAction","target":{"@type":"EntryPoint","urlTemplate":"https:\/\/imacellotti.it\/?s={search_term_string}"},"query-input":{"@type":"PropertyValueSpecification","valueRequired":true,"valueName":"search_term_string"}}],"inLanguage":"fr-FR"},{"@type":"Organization","@id":"https:\/\/imacellotti.it\/#organization","name":"I Macellotti","url":"https:\/\/imacellotti.it\/","logo":{"@type":"ImageObject","inLanguage":"fr-FR","@id":"https:\/\/imacellotti.it\/#\/schema\/logo\/image\/","url":"https:\/\/imacellotti.it\/wp-content\/uploads\/2025\/07\/LOGO_ITA_SF_I_MACELLOTTI_SCRITTA_IN-marrone-scaled.png","contentUrl":"https:\/\/imacellotti.it\/wp-content\/uploads\/2025\/07\/LOGO_ITA_SF_I_MACELLOTTI_SCRITTA_IN-marrone-scaled.png","width":2560,"height":2560,"caption":"I Macellotti"},"image":{"@id":"https:\/\/imacellotti.it\/#\/schema\/logo\/image\/"}}]}},"_links":{"self":[{"href":"https:\/\/imacellotti.it\/fr\/wp-json\/wp\/v2\/product\/1829","targetHints":{"allow":["GET"]}}],"collection":[{"href":"https:\/\/imacellotti.it\/fr\/wp-json\/wp\/v2\/product"}],"about":[{"href":"https:\/\/imacellotti.it\/fr\/wp-json\/wp\/v2\/types\/product"}],"replies":[{"embeddable":true,"href":"https:\/\/imacellotti.it\/fr\/wp-json\/wp\/v2\/comments?post=1829"}],"wp:featuredmedia":[{"embeddable":true,"href":"https:\/\/imacellotti.it\/fr\/wp-json\/wp\/v2\/media\/1360"}],"wp:attachment":[{"href":"https:\/\/imacellotti.it\/fr\/wp-json\/wp\/v2\/media?parent=1829"}],"wp:term":[{"taxonomy":"product_brand","embeddable":true,"href":"https:\/\/imacellotti.it\/fr\/wp-json\/wp\/v2\/product_brand?post=1829"},{"taxonomy":"product_cat","embeddable":true,"href":"https:\/\/imacellotti.it\/fr\/wp-json\/wp\/v2\/product_cat?post=1829"},{"taxonomy":"product_tag","embeddable":true,"href":"https:\/\/imacellotti.it\/fr\/wp-json\/wp\/v2\/product_tag?post=1829"}],"curies":[{"name":"wp","href":"https:\/\/api.w.org\/{rel}","templated":true}]}}

<p class="p1">Au caractère unique et enveloppant<br />
Combine la tradition rustique avec une touche de raffinement.<br />
Fabriqué à partir de viande porcine sélectionnée et enrichi avec des pistaches entières, il offre un agréable contraste<br />
de saveurs et une texture croquante.<br />
La maturation lente en exalte le goût plein et harmonieux, ce qui le rend idéal pour les plats élégants et les apéritifs spéciaux.</p>

<!-- This site is optimized with the Yoast SEO plugin v26.0 - https://yoast.com/wordpress/plugins/seo/ -->
<title>SALAME CONTADINO AL PISTACCHIO - I Macellotti</title>
<meta name="robots" content="index, follow, max-snippet:-1, max-image-preview:large, max-video-preview:-1" />
<link rel="canonical" href="https://imacellotti.it/fr/produit/salame-contadino-pistacchio/" />
<meta property="og:locale" content="fr_FR" />
<meta property="og:type" content="article" />
<meta property="og:title" content="SALAME CONTADINO AL PISTACCHIO - I Macellotti" />
<meta property="og:description" content="Au caractère unique et enveloppant Combine la tradition rustique avec une touche de raffinement. Fabriqué à partir de viande porcine sélectionnée et enrichi avec des pistaches entières, il offre un agréable contraste de saveurs et une texture croquante. La maturation lente en exalte le goût plein et harmonieux, ce qui le rend idéal pour les plats élégants et les apéritifs spéciaux." />
<meta property="og:url" content="https://imacellotti.it/fr/produit/salame-contadino-pistacchio/" />
<meta property="og:site_name" content="I Macellotti" />
<meta property="article:modified_time" content="2025-09-25T21:29:45+00:00" />
<meta property="og:image" content="https://imacellotti.it/wp-content/uploads/2025/07/Contadino-Pistacchio-1.jpg" />
	<meta property="og:image:width" content="1080" />
	<meta property="og:image:height" content="1080" />
	<meta property="og:image:type" content="image/jpeg" />
<meta name="twitter:card" content="summary_large_image" />
<script type="application/ld+json" class="yoast-schema-graph">{"@context":"https://schema.org","@graph":[{"@type":"WebPage","@id":"https://imacellotti.it/fr/produit/salame-contadino-pistacchio/","url":"https://imacellotti.it/fr/produit/salame-contadino-pistacchio/","name":"SALAME CONTADINO AL PISTACCHIO - I Macellotti","isPartOf":{"@id":"https://imacellotti.it/#website"},"primaryImageOfPage":{"@id":"https://imacellotti.it/fr/produit/salame-contadino-pistacchio/#primaryimage"},"image":{"@id":"https://imacellotti.it/fr/produit/salame-contadino-pistacchio/#primaryimage"},"thumbnailUrl":"https://imacellotti.it/wp-content/uploads/2025/07/Contadino-Pistacchio-1.jpg","datePublished":"2025-07-02T09:31:19+00:00","dateModified":"2025-09-25T21:29:45+00:00","breadcrumb":{"@id":"https://imacellotti.it/fr/produit/salame-contadino-pistacchio/#breadcrumb"},"inLanguage":"fr-FR","potentialAction":[{"@type":"ReadAction","target":["https://imacellotti.it/fr/produit/salame-contadino-pistacchio/"]}]},{"@type":"ImageObject","inLanguage":"fr-FR","@id":"https://imacellotti.it/fr/produit/salame-contadino-pistacchio/#primaryimage","url":"https://imacellotti.it/wp-content/uploads/2025/07/Contadino-Pistacchio-1.jpg","contentUrl":"https://imacellotti.it/wp-content/uploads/2025/07/Contadino-Pistacchio-1.jpg","width":1080,"height":1080},{"@type":"BreadcrumbList","@id":"https://imacellotti.it/fr/produit/salame-contadino-pistacchio/#breadcrumb","itemListElement":[{"@type":"ListItem","position":1,"name":"Home","item":"https://imacellotti.it/"},{"@type":"ListItem","position":2,"name":"Boutique","item":"https://imacellotti.it/fr/boutique/"},{"@type":"ListItem","position":3,"name":"SALAME CONTADINO AL PISTACCHIO"}]},{"@type":"WebSite","@id":"https://imacellotti.it/#website","url":"https://imacellotti.it/","name":"I Macellotti","description":"Vente de produits alimentaires","publisher":{"@id":"https://imacellotti.it/#organization"},"potentialAction":[{"@type":"SearchAction","target":{"@type":"EntryPoint","urlTemplate":"https://imacellotti.it/?s={search_term_string}"},"query-input":{"@type":"PropertyValueSpecification","valueRequired":true,"valueName":"search_term_string"}}],"inLanguage":"fr-FR"},{"@type":"Organization","@id":"https://imacellotti.it/#organization","name":"I Macellotti","url":"https://imacellotti.it/","logo":{"@type":"ImageObject","inLanguage":"fr-FR","@id":"https://imacellotti.it/#/schema/logo/image/","url":"https://imacellotti.it/wp-content/uploads/2025/07/LOGO_ITA_SF_I_MACELLOTTI_SCRITTA_IN-marrone-scaled.png","contentUrl":"https://imacellotti.it/wp-content/uploads/2025/07/LOGO_ITA_SF_I_MACELLOTTI_SCRITTA_IN-marrone-scaled.png","width":2560,"height":2560,"caption":"I Macellotti"},"image":{"@id":"https://imacellotti.it/#/schema/logo/image/"}}]}</script>
<!-- / Yoast SEO plugin. -->

Au caractère unique et enveloppant Combine la tradition rustique avec une touche de raffinement. Fabriqué à partir de viande porcine sélectionnée et enrichi avec des pistaches entières, il offre un agréable contraste de saveurs et une texture croquante. La maturation lente en exalte le goût plein et harmonieux, ce qui le rend idéal pour les plats élégants et les apéritifs spéciaux.
