{"id":1834,"date":"2025-07-02T11:27:24","date_gmt":"2025-07-02T09:27:24","guid":{"rendered":"https:\/\/imacellotti.it\/prodotto\/salame-contadino-mandorla\/"},"modified":"2025-09-25T23:31:11","modified_gmt":"2025-09-25T21:31:11","slug":"salame-contadino-mandorla","status":"publish","type":"product","link":"https:\/\/imacellotti.it\/fr\/produit\/salame-contadino-mandorla\/","title":{"rendered":"SALAME CONTADINO ALLA MANDORLA"},"content":{"rendered":"","protected":false},"excerpt":{"rendered":"<p class=\"p1\">Le Salame Contadino alla Mandorla est un saucisson original et raffin\u00e9 qui allie la tradition rustique \u00e0 une note douce et croquante.<br \/>\nPr\u00e9par\u00e9 avec de la viande porcine s\u00e9lectionn\u00e9e et enrichi d\u2019amandes, il offre un contraste de textures et de saveurs qui conquiert au premier go\u00fbt.<br \/>\nLa maturation lente exalte le go\u00fbt, ce qui le rend id\u00e9al<br \/>\npour les tagliatelles gastronomiques et les moments de d\u00e9gustation<br \/>\nsous le signe de l\u2019\u00e9l\u00e9gance.<\/p>\n","protected":false},"featured_media":1369,"comment_status":"open","ping_status":"closed","template":"","meta":[],"product_brand":[],"product_cat":[255],"product_tag":[],"class_list":["post-1834","product","type-product","status-publish","has-post-thumbnail","product_cat-salami-contadini-fr","first","instock","shipping-taxable","product-type-simple"],"yoast_head":"<!-- This site is optimized with the Yoast SEO plugin v26.0 - https:\/\/yoast.com\/wordpress\/plugins\/seo\/ -->\n<title>SALAME CONTADINO ALLA MANDORLA - I Macellotti<\/title>\n<meta name=\"robots\" content=\"index, follow, max-snippet:-1, max-image-preview:large, max-video-preview:-1\" \/>\n<link rel=\"canonical\" href=\"https:\/\/imacellotti.it\/fr\/produit\/salame-contadino-mandorla\/\" \/>\n<meta property=\"og:locale\" content=\"fr_FR\" \/>\n<meta property=\"og:type\" content=\"article\" \/>\n<meta property=\"og:title\" content=\"SALAME CONTADINO ALLA MANDORLA - I Macellotti\" \/>\n<meta property=\"og:description\" content=\"Le Salame Contadino alla Mandorla est un saucisson original et raffin\u00e9 qui allie la tradition rustique \u00e0 une note douce et croquante. Pr\u00e9par\u00e9 avec de la viande porcine s\u00e9lectionn\u00e9e et enrichi d\u2019amandes, il offre un contraste de textures et de saveurs qui conquiert au premier go\u00fbt. La maturation lente exalte le go\u00fbt, ce qui le rend id\u00e9al pour les tagliatelles gastronomiques et les moments de d\u00e9gustation sous le signe de l\u2019\u00e9l\u00e9gance.\" \/>\n<meta property=\"og:url\" content=\"https:\/\/imacellotti.it\/fr\/produit\/salame-contadino-mandorla\/\" \/>\n<meta property=\"og:site_name\" content=\"I Macellotti\" \/>\n<meta property=\"article:modified_time\" content=\"2025-09-25T21:31:11+00:00\" \/>\n<meta property=\"og:image\" content=\"https:\/\/imacellotti.it\/wp-content\/uploads\/2025\/07\/Contadino-Mandorla-1.jpg\" \/>\n\t<meta property=\"og:image:width\" content=\"1080\" \/>\n\t<meta property=\"og:image:height\" content=\"1080\" \/>\n\t<meta property=\"og:image:type\" content=\"image\/jpeg\" \/>\n<meta name=\"twitter:card\" content=\"summary_large_image\" \/>\n<script type=\"application\/ld+json\" class=\"yoast-schema-graph\">{\"@context\":\"https:\/\/schema.org\",\"@graph\":[{\"@type\":\"WebPage\",\"@id\":\"https:\/\/imacellotti.it\/fr\/produit\/salame-contadino-mandorla\/\",\"url\":\"https:\/\/imacellotti.it\/fr\/produit\/salame-contadino-mandorla\/\",\"name\":\"SALAME CONTADINO ALLA MANDORLA - I Macellotti\",\"isPartOf\":{\"@id\":\"https:\/\/imacellotti.it\/#website\"},\"primaryImageOfPage\":{\"@id\":\"https:\/\/imacellotti.it\/fr\/produit\/salame-contadino-mandorla\/#primaryimage\"},\"image\":{\"@id\":\"https:\/\/imacellotti.it\/fr\/produit\/salame-contadino-mandorla\/#primaryimage\"},\"thumbnailUrl\":\"https:\/\/imacellotti.it\/wp-content\/uploads\/2025\/07\/Contadino-Mandorla-1.jpg\",\"datePublished\":\"2025-07-02T09:27:24+00:00\",\"dateModified\":\"2025-09-25T21:31:11+00:00\",\"breadcrumb\":{\"@id\":\"https:\/\/imacellotti.it\/fr\/produit\/salame-contadino-mandorla\/#breadcrumb\"},\"inLanguage\":\"fr-FR\",\"potentialAction\":[{\"@type\":\"ReadAction\",\"target\":[\"https:\/\/imacellotti.it\/fr\/produit\/salame-contadino-mandorla\/\"]}]},{\"@type\":\"ImageObject\",\"inLanguage\":\"fr-FR\",\"@id\":\"https:\/\/imacellotti.it\/fr\/produit\/salame-contadino-mandorla\/#primaryimage\",\"url\":\"https:\/\/imacellotti.it\/wp-content\/uploads\/2025\/07\/Contadino-Mandorla-1.jpg\",\"contentUrl\":\"https:\/\/imacellotti.it\/wp-content\/uploads\/2025\/07\/Contadino-Mandorla-1.jpg\",\"width\":1080,\"height\":1080},{\"@type\":\"BreadcrumbList\",\"@id\":\"https:\/\/imacellotti.it\/fr\/produit\/salame-contadino-mandorla\/#breadcrumb\",\"itemListElement\":[{\"@type\":\"ListItem\",\"position\":1,\"name\":\"Home\",\"item\":\"https:\/\/imacellotti.it\/\"},{\"@type\":\"ListItem\",\"position\":2,\"name\":\"Boutique\",\"item\":\"https:\/\/imacellotti.it\/fr\/boutique\/\"},{\"@type\":\"ListItem\",\"position\":3,\"name\":\"SALAME CONTADINO ALLA MANDORLA\"}]},{\"@type\":\"WebSite\",\"@id\":\"https:\/\/imacellotti.it\/#website\",\"url\":\"https:\/\/imacellotti.it\/\",\"name\":\"I Macellotti\",\"description\":\"Vente de produits alimentaires\",\"publisher\":{\"@id\":\"https:\/\/imacellotti.it\/#organization\"},\"potentialAction\":[{\"@type\":\"SearchAction\",\"target\":{\"@type\":\"EntryPoint\",\"urlTemplate\":\"https:\/\/imacellotti.it\/?s={search_term_string}\"},\"query-input\":{\"@type\":\"PropertyValueSpecification\",\"valueRequired\":true,\"valueName\":\"search_term_string\"}}],\"inLanguage\":\"fr-FR\"},{\"@type\":\"Organization\",\"@id\":\"https:\/\/imacellotti.it\/#organization\",\"name\":\"I Macellotti\",\"url\":\"https:\/\/imacellotti.it\/\",\"logo\":{\"@type\":\"ImageObject\",\"inLanguage\":\"fr-FR\",\"@id\":\"https:\/\/imacellotti.it\/#\/schema\/logo\/image\/\",\"url\":\"https:\/\/imacellotti.it\/wp-content\/uploads\/2025\/07\/LOGO_ITA_SF_I_MACELLOTTI_SCRITTA_IN-marrone-scaled.png\",\"contentUrl\":\"https:\/\/imacellotti.it\/wp-content\/uploads\/2025\/07\/LOGO_ITA_SF_I_MACELLOTTI_SCRITTA_IN-marrone-scaled.png\",\"width\":2560,\"height\":2560,\"caption\":\"I Macellotti\"},\"image\":{\"@id\":\"https:\/\/imacellotti.it\/#\/schema\/logo\/image\/\"}}]}<\/script>\n<!-- \/ Yoast SEO plugin. -->","yoast_head_json":{"title":"SALAME CONTADINO ALLA MANDORLA - I Macellotti","robots":{"index":"index","follow":"follow","max-snippet":"max-snippet:-1","max-image-preview":"max-image-preview:large","max-video-preview":"max-video-preview:-1"},"canonical":"https:\/\/imacellotti.it\/fr\/produit\/salame-contadino-mandorla\/","og_locale":"fr_FR","og_type":"article","og_title":"SALAME CONTADINO ALLA MANDORLA - I Macellotti","og_description":"Le Salame Contadino alla Mandorla est un saucisson original et raffin\u00e9 qui allie la tradition rustique \u00e0 une note douce et croquante. Pr\u00e9par\u00e9 avec de la viande porcine s\u00e9lectionn\u00e9e et enrichi d\u2019amandes, il offre un contraste de textures et de saveurs qui conquiert au premier go\u00fbt. La maturation lente exalte le go\u00fbt, ce qui le rend id\u00e9al pour les tagliatelles gastronomiques et les moments de d\u00e9gustation sous le signe de l\u2019\u00e9l\u00e9gance.","og_url":"https:\/\/imacellotti.it\/fr\/produit\/salame-contadino-mandorla\/","og_site_name":"I Macellotti","article_modified_time":"2025-09-25T21:31:11+00:00","og_image":[{"width":1080,"height":1080,"url":"https:\/\/imacellotti.it\/wp-content\/uploads\/2025\/07\/Contadino-Mandorla-1.jpg","type":"image\/jpeg"}],"twitter_card":"summary_large_image","schema":{"@context":"https:\/\/schema.org","@graph":[{"@type":"WebPage","@id":"https:\/\/imacellotti.it\/fr\/produit\/salame-contadino-mandorla\/","url":"https:\/\/imacellotti.it\/fr\/produit\/salame-contadino-mandorla\/","name":"SALAME CONTADINO ALLA MANDORLA - I Macellotti","isPartOf":{"@id":"https:\/\/imacellotti.it\/#website"},"primaryImageOfPage":{"@id":"https:\/\/imacellotti.it\/fr\/produit\/salame-contadino-mandorla\/#primaryimage"},"image":{"@id":"https:\/\/imacellotti.it\/fr\/produit\/salame-contadino-mandorla\/#primaryimage"},"thumbnailUrl":"https:\/\/imacellotti.it\/wp-content\/uploads\/2025\/07\/Contadino-Mandorla-1.jpg","datePublished":"2025-07-02T09:27:24+00:00","dateModified":"2025-09-25T21:31:11+00:00","breadcrumb":{"@id":"https:\/\/imacellotti.it\/fr\/produit\/salame-contadino-mandorla\/#breadcrumb"},"inLanguage":"fr-FR","potentialAction":[{"@type":"ReadAction","target":["https:\/\/imacellotti.it\/fr\/produit\/salame-contadino-mandorla\/"]}]},{"@type":"ImageObject","inLanguage":"fr-FR","@id":"https:\/\/imacellotti.it\/fr\/produit\/salame-contadino-mandorla\/#primaryimage","url":"https:\/\/imacellotti.it\/wp-content\/uploads\/2025\/07\/Contadino-Mandorla-1.jpg","contentUrl":"https:\/\/imacellotti.it\/wp-content\/uploads\/2025\/07\/Contadino-Mandorla-1.jpg","width":1080,"height":1080},{"@type":"BreadcrumbList","@id":"https:\/\/imacellotti.it\/fr\/produit\/salame-contadino-mandorla\/#breadcrumb","itemListElement":[{"@type":"ListItem","position":1,"name":"Home","item":"https:\/\/imacellotti.it\/"},{"@type":"ListItem","position":2,"name":"Boutique","item":"https:\/\/imacellotti.it\/fr\/boutique\/"},{"@type":"ListItem","position":3,"name":"SALAME CONTADINO ALLA MANDORLA"}]},{"@type":"WebSite","@id":"https:\/\/imacellotti.it\/#website","url":"https:\/\/imacellotti.it\/","name":"I Macellotti","description":"Vente de produits alimentaires","publisher":{"@id":"https:\/\/imacellotti.it\/#organization"},"potentialAction":[{"@type":"SearchAction","target":{"@type":"EntryPoint","urlTemplate":"https:\/\/imacellotti.it\/?s={search_term_string}"},"query-input":{"@type":"PropertyValueSpecification","valueRequired":true,"valueName":"search_term_string"}}],"inLanguage":"fr-FR"},{"@type":"Organization","@id":"https:\/\/imacellotti.it\/#organization","name":"I Macellotti","url":"https:\/\/imacellotti.it\/","logo":{"@type":"ImageObject","inLanguage":"fr-FR","@id":"https:\/\/imacellotti.it\/#\/schema\/logo\/image\/","url":"https:\/\/imacellotti.it\/wp-content\/uploads\/2025\/07\/LOGO_ITA_SF_I_MACELLOTTI_SCRITTA_IN-marrone-scaled.png","contentUrl":"https:\/\/imacellotti.it\/wp-content\/uploads\/2025\/07\/LOGO_ITA_SF_I_MACELLOTTI_SCRITTA_IN-marrone-scaled.png","width":2560,"height":2560,"caption":"I Macellotti"},"image":{"@id":"https:\/\/imacellotti.it\/#\/schema\/logo\/image\/"}}]}},"_links":{"self":[{"href":"https:\/\/imacellotti.it\/fr\/wp-json\/wp\/v2\/product\/1834","targetHints":{"allow":["GET"]}}],"collection":[{"href":"https:\/\/imacellotti.it\/fr\/wp-json\/wp\/v2\/product"}],"about":[{"href":"https:\/\/imacellotti.it\/fr\/wp-json\/wp\/v2\/types\/product"}],"replies":[{"embeddable":true,"href":"https:\/\/imacellotti.it\/fr\/wp-json\/wp\/v2\/comments?post=1834"}],"wp:featuredmedia":[{"embeddable":true,"href":"https:\/\/imacellotti.it\/fr\/wp-json\/wp\/v2\/media\/1369"}],"wp:attachment":[{"href":"https:\/\/imacellotti.it\/fr\/wp-json\/wp\/v2\/media?parent=1834"}],"wp:term":[{"taxonomy":"product_brand","embeddable":true,"href":"https:\/\/imacellotti.it\/fr\/wp-json\/wp\/v2\/product_brand?post=1834"},{"taxonomy":"product_cat","embeddable":true,"href":"https:\/\/imacellotti.it\/fr\/wp-json\/wp\/v2\/product_cat?post=1834"},{"taxonomy":"product_tag","embeddable":true,"href":"https:\/\/imacellotti.it\/fr\/wp-json\/wp\/v2\/product_tag?post=1834"}],"curies":[{"name":"wp","href":"https:\/\/api.w.org\/{rel}","templated":true}]}}

<p class="p1">Le Salame Contadino alla Mandorla est un saucisson original et raffiné qui allie la tradition rustique à une note douce et croquante.<br />
Préparé avec de la viande porcine sélectionnée et enrichi d’amandes, il offre un contraste de textures et de saveurs qui conquiert au premier goût.<br />
La maturation lente exalte le goût, ce qui le rend idéal<br />
pour les tagliatelles gastronomiques et les moments de dégustation<br />
sous le signe de l’élégance.</p>

<!-- This site is optimized with the Yoast SEO plugin v26.0 - https://yoast.com/wordpress/plugins/seo/ -->
<title>SALAME CONTADINO ALLA MANDORLA - I Macellotti</title>
<meta name="robots" content="index, follow, max-snippet:-1, max-image-preview:large, max-video-preview:-1" />
<link rel="canonical" href="https://imacellotti.it/fr/produit/salame-contadino-mandorla/" />
<meta property="og:locale" content="fr_FR" />
<meta property="og:type" content="article" />
<meta property="og:title" content="SALAME CONTADINO ALLA MANDORLA - I Macellotti" />
<meta property="og:description" content="Le Salame Contadino alla Mandorla est un saucisson original et raffiné qui allie la tradition rustique à une note douce et croquante. Préparé avec de la viande porcine sélectionnée et enrichi d’amandes, il offre un contraste de textures et de saveurs qui conquiert au premier goût. La maturation lente exalte le goût, ce qui le rend idéal pour les tagliatelles gastronomiques et les moments de dégustation sous le signe de l’élégance." />
<meta property="og:url" content="https://imacellotti.it/fr/produit/salame-contadino-mandorla/" />
<meta property="og:site_name" content="I Macellotti" />
<meta property="article:modified_time" content="2025-09-25T21:31:11+00:00" />
<meta property="og:image" content="https://imacellotti.it/wp-content/uploads/2025/07/Contadino-Mandorla-1.jpg" />
	<meta property="og:image:width" content="1080" />
	<meta property="og:image:height" content="1080" />
	<meta property="og:image:type" content="image/jpeg" />
<meta name="twitter:card" content="summary_large_image" />
<script type="application/ld+json" class="yoast-schema-graph">{"@context":"https://schema.org","@graph":[{"@type":"WebPage","@id":"https://imacellotti.it/fr/produit/salame-contadino-mandorla/","url":"https://imacellotti.it/fr/produit/salame-contadino-mandorla/","name":"SALAME CONTADINO ALLA MANDORLA - I Macellotti","isPartOf":{"@id":"https://imacellotti.it/#website"},"primaryImageOfPage":{"@id":"https://imacellotti.it/fr/produit/salame-contadino-mandorla/#primaryimage"},"image":{"@id":"https://imacellotti.it/fr/produit/salame-contadino-mandorla/#primaryimage"},"thumbnailUrl":"https://imacellotti.it/wp-content/uploads/2025/07/Contadino-Mandorla-1.jpg","datePublished":"2025-07-02T09:27:24+00:00","dateModified":"2025-09-25T21:31:11+00:00","breadcrumb":{"@id":"https://imacellotti.it/fr/produit/salame-contadino-mandorla/#breadcrumb"},"inLanguage":"fr-FR","potentialAction":[{"@type":"ReadAction","target":["https://imacellotti.it/fr/produit/salame-contadino-mandorla/"]}]},{"@type":"ImageObject","inLanguage":"fr-FR","@id":"https://imacellotti.it/fr/produit/salame-contadino-mandorla/#primaryimage","url":"https://imacellotti.it/wp-content/uploads/2025/07/Contadino-Mandorla-1.jpg","contentUrl":"https://imacellotti.it/wp-content/uploads/2025/07/Contadino-Mandorla-1.jpg","width":1080,"height":1080},{"@type":"BreadcrumbList","@id":"https://imacellotti.it/fr/produit/salame-contadino-mandorla/#breadcrumb","itemListElement":[{"@type":"ListItem","position":1,"name":"Home","item":"https://imacellotti.it/"},{"@type":"ListItem","position":2,"name":"Boutique","item":"https://imacellotti.it/fr/boutique/"},{"@type":"ListItem","position":3,"name":"SALAME CONTADINO ALLA MANDORLA"}]},{"@type":"WebSite","@id":"https://imacellotti.it/#website","url":"https://imacellotti.it/","name":"I Macellotti","description":"Vente de produits alimentaires","publisher":{"@id":"https://imacellotti.it/#organization"},"potentialAction":[{"@type":"SearchAction","target":{"@type":"EntryPoint","urlTemplate":"https://imacellotti.it/?s={search_term_string}"},"query-input":{"@type":"PropertyValueSpecification","valueRequired":true,"valueName":"search_term_string"}}],"inLanguage":"fr-FR"},{"@type":"Organization","@id":"https://imacellotti.it/#organization","name":"I Macellotti","url":"https://imacellotti.it/","logo":{"@type":"ImageObject","inLanguage":"fr-FR","@id":"https://imacellotti.it/#/schema/logo/image/","url":"https://imacellotti.it/wp-content/uploads/2025/07/LOGO_ITA_SF_I_MACELLOTTI_SCRITTA_IN-marrone-scaled.png","contentUrl":"https://imacellotti.it/wp-content/uploads/2025/07/LOGO_ITA_SF_I_MACELLOTTI_SCRITTA_IN-marrone-scaled.png","width":2560,"height":2560,"caption":"I Macellotti"},"image":{"@id":"https://imacellotti.it/#/schema/logo/image/"}}]}</script>
<!-- / Yoast SEO plugin. -->

Le Salame Contadino alla Mandorla est un saucisson original et raffiné qui allie la tradition rustique à une note douce et croquante. Préparé avec de la viande porcine sélectionnée et enrichi d’amandes, il offre un contraste de textures et de saveurs qui conquiert au premier goût. La maturation lente exalte le goût, ce qui le rend idéal pour les tagliatelles gastronomiques et les moments de dégustation sous le signe de l’élégance.
