{"id":1841,"date":"2025-07-02T11:24:07","date_gmt":"2025-07-02T09:24:07","guid":{"rendered":"https:\/\/imacellotti.it\/prodotto\/salame-contadino-finocchietto\/"},"modified":"2025-09-25T23:33:21","modified_gmt":"2025-09-25T21:33:21","slug":"salame-contadino-finocchietto","status":"publish","type":"product","link":"https:\/\/imacellotti.it\/fr\/produit\/salame-contadino-finocchietto\/","title":{"rendered":"SALAME CONTADINO AL FINOCCHIETTO"},"content":{"rendered":"","protected":false},"excerpt":{"rendered":"<p>C\u2019est une charcuterie au go\u00fbt traditionnel enrichi par<br \/>\nparfum intense de fenouil sauvage.<br \/>\nPr\u00e9par\u00e9 avec de la viande de porc s\u00e9lectionn\u00e9e et assaisonn\u00e9 avec des graines de fenouil, offre un \u00e9quilibre parfait entre<br \/>\nsaveur et fra\u00eecheur aromatique.<br \/>\nLa maturation lente met en valeur sa texture compacte et son go\u00fbt rustique, ce qui le rend id\u00e9al pour ceux qui aiment les saveurs authentiques et parfum\u00e9es.<\/p>\n","protected":false},"featured_media":1372,"comment_status":"open","ping_status":"closed","template":"","meta":[],"product_brand":[],"product_cat":[255],"product_tag":[],"class_list":["post-1841","product","type-product","status-publish","has-post-thumbnail","product_cat-salami-contadini-fr","first","instock","shipping-taxable","product-type-simple"],"yoast_head":"<!-- This site is optimized with the Yoast SEO plugin v26.0 - https:\/\/yoast.com\/wordpress\/plugins\/seo\/ -->\n<title>SALAME CONTADINO AL FINOCCHIETTO - I Macellotti<\/title>\n<meta name=\"robots\" content=\"index, follow, max-snippet:-1, max-image-preview:large, max-video-preview:-1\" \/>\n<link rel=\"canonical\" href=\"https:\/\/imacellotti.it\/fr\/produit\/salame-contadino-finocchietto\/\" \/>\n<meta property=\"og:locale\" content=\"fr_FR\" \/>\n<meta property=\"og:type\" content=\"article\" \/>\n<meta property=\"og:title\" content=\"SALAME CONTADINO AL FINOCCHIETTO - I Macellotti\" \/>\n<meta property=\"og:description\" content=\"C\u2019est une charcuterie au go\u00fbt traditionnel enrichi par parfum intense de fenouil sauvage. Pr\u00e9par\u00e9 avec de la viande de porc s\u00e9lectionn\u00e9e et assaisonn\u00e9 avec des graines de fenouil, offre un \u00e9quilibre parfait entre saveur et fra\u00eecheur aromatique. La maturation lente met en valeur sa texture compacte et son go\u00fbt rustique, ce qui le rend id\u00e9al pour ceux qui aiment les saveurs authentiques et parfum\u00e9es.\" \/>\n<meta property=\"og:url\" content=\"https:\/\/imacellotti.it\/fr\/produit\/salame-contadino-finocchietto\/\" \/>\n<meta property=\"og:site_name\" content=\"I Macellotti\" \/>\n<meta property=\"article:modified_time\" content=\"2025-09-25T21:33:21+00:00\" \/>\n<meta property=\"og:image\" content=\"https:\/\/imacellotti.it\/wp-content\/uploads\/2025\/07\/Contadino-al-Finocchietto.jpg\" \/>\n\t<meta property=\"og:image:width\" content=\"1080\" \/>\n\t<meta property=\"og:image:height\" content=\"1080\" \/>\n\t<meta property=\"og:image:type\" content=\"image\/jpeg\" \/>\n<meta name=\"twitter:card\" content=\"summary_large_image\" \/>\n<script type=\"application\/ld+json\" class=\"yoast-schema-graph\">{\"@context\":\"https:\/\/schema.org\",\"@graph\":[{\"@type\":\"WebPage\",\"@id\":\"https:\/\/imacellotti.it\/fr\/produit\/salame-contadino-finocchietto\/\",\"url\":\"https:\/\/imacellotti.it\/fr\/produit\/salame-contadino-finocchietto\/\",\"name\":\"SALAME CONTADINO AL FINOCCHIETTO - I Macellotti\",\"isPartOf\":{\"@id\":\"https:\/\/imacellotti.it\/#website\"},\"primaryImageOfPage\":{\"@id\":\"https:\/\/imacellotti.it\/fr\/produit\/salame-contadino-finocchietto\/#primaryimage\"},\"image\":{\"@id\":\"https:\/\/imacellotti.it\/fr\/produit\/salame-contadino-finocchietto\/#primaryimage\"},\"thumbnailUrl\":\"https:\/\/imacellotti.it\/wp-content\/uploads\/2025\/07\/Contadino-al-Finocchietto.jpg\",\"datePublished\":\"2025-07-02T09:24:07+00:00\",\"dateModified\":\"2025-09-25T21:33:21+00:00\",\"breadcrumb\":{\"@id\":\"https:\/\/imacellotti.it\/fr\/produit\/salame-contadino-finocchietto\/#breadcrumb\"},\"inLanguage\":\"fr-FR\",\"potentialAction\":[{\"@type\":\"ReadAction\",\"target\":[\"https:\/\/imacellotti.it\/fr\/produit\/salame-contadino-finocchietto\/\"]}]},{\"@type\":\"ImageObject\",\"inLanguage\":\"fr-FR\",\"@id\":\"https:\/\/imacellotti.it\/fr\/produit\/salame-contadino-finocchietto\/#primaryimage\",\"url\":\"https:\/\/imacellotti.it\/wp-content\/uploads\/2025\/07\/Contadino-al-Finocchietto.jpg\",\"contentUrl\":\"https:\/\/imacellotti.it\/wp-content\/uploads\/2025\/07\/Contadino-al-Finocchietto.jpg\",\"width\":1080,\"height\":1080},{\"@type\":\"BreadcrumbList\",\"@id\":\"https:\/\/imacellotti.it\/fr\/produit\/salame-contadino-finocchietto\/#breadcrumb\",\"itemListElement\":[{\"@type\":\"ListItem\",\"position\":1,\"name\":\"Home\",\"item\":\"https:\/\/imacellotti.it\/\"},{\"@type\":\"ListItem\",\"position\":2,\"name\":\"Boutique\",\"item\":\"https:\/\/imacellotti.it\/fr\/boutique\/\"},{\"@type\":\"ListItem\",\"position\":3,\"name\":\"SALAME CONTADINO AL FINOCCHIETTO\"}]},{\"@type\":\"WebSite\",\"@id\":\"https:\/\/imacellotti.it\/#website\",\"url\":\"https:\/\/imacellotti.it\/\",\"name\":\"I Macellotti\",\"description\":\"Vente de produits alimentaires\",\"publisher\":{\"@id\":\"https:\/\/imacellotti.it\/#organization\"},\"potentialAction\":[{\"@type\":\"SearchAction\",\"target\":{\"@type\":\"EntryPoint\",\"urlTemplate\":\"https:\/\/imacellotti.it\/?s={search_term_string}\"},\"query-input\":{\"@type\":\"PropertyValueSpecification\",\"valueRequired\":true,\"valueName\":\"search_term_string\"}}],\"inLanguage\":\"fr-FR\"},{\"@type\":\"Organization\",\"@id\":\"https:\/\/imacellotti.it\/#organization\",\"name\":\"I Macellotti\",\"url\":\"https:\/\/imacellotti.it\/\",\"logo\":{\"@type\":\"ImageObject\",\"inLanguage\":\"fr-FR\",\"@id\":\"https:\/\/imacellotti.it\/#\/schema\/logo\/image\/\",\"url\":\"https:\/\/imacellotti.it\/wp-content\/uploads\/2025\/07\/LOGO_ITA_SF_I_MACELLOTTI_SCRITTA_IN-marrone-scaled.png\",\"contentUrl\":\"https:\/\/imacellotti.it\/wp-content\/uploads\/2025\/07\/LOGO_ITA_SF_I_MACELLOTTI_SCRITTA_IN-marrone-scaled.png\",\"width\":2560,\"height\":2560,\"caption\":\"I Macellotti\"},\"image\":{\"@id\":\"https:\/\/imacellotti.it\/#\/schema\/logo\/image\/\"}}]}<\/script>\n<!-- \/ Yoast SEO plugin. -->","yoast_head_json":{"title":"SALAME CONTADINO AL FINOCCHIETTO - I Macellotti","robots":{"index":"index","follow":"follow","max-snippet":"max-snippet:-1","max-image-preview":"max-image-preview:large","max-video-preview":"max-video-preview:-1"},"canonical":"https:\/\/imacellotti.it\/fr\/produit\/salame-contadino-finocchietto\/","og_locale":"fr_FR","og_type":"article","og_title":"SALAME CONTADINO AL FINOCCHIETTO - I Macellotti","og_description":"C\u2019est une charcuterie au go\u00fbt traditionnel enrichi par parfum intense de fenouil sauvage. Pr\u00e9par\u00e9 avec de la viande de porc s\u00e9lectionn\u00e9e et assaisonn\u00e9 avec des graines de fenouil, offre un \u00e9quilibre parfait entre saveur et fra\u00eecheur aromatique. La maturation lente met en valeur sa texture compacte et son go\u00fbt rustique, ce qui le rend id\u00e9al pour ceux qui aiment les saveurs authentiques et parfum\u00e9es.","og_url":"https:\/\/imacellotti.it\/fr\/produit\/salame-contadino-finocchietto\/","og_site_name":"I Macellotti","article_modified_time":"2025-09-25T21:33:21+00:00","og_image":[{"width":1080,"height":1080,"url":"https:\/\/imacellotti.it\/wp-content\/uploads\/2025\/07\/Contadino-al-Finocchietto.jpg","type":"image\/jpeg"}],"twitter_card":"summary_large_image","schema":{"@context":"https:\/\/schema.org","@graph":[{"@type":"WebPage","@id":"https:\/\/imacellotti.it\/fr\/produit\/salame-contadino-finocchietto\/","url":"https:\/\/imacellotti.it\/fr\/produit\/salame-contadino-finocchietto\/","name":"SALAME CONTADINO AL FINOCCHIETTO - I Macellotti","isPartOf":{"@id":"https:\/\/imacellotti.it\/#website"},"primaryImageOfPage":{"@id":"https:\/\/imacellotti.it\/fr\/produit\/salame-contadino-finocchietto\/#primaryimage"},"image":{"@id":"https:\/\/imacellotti.it\/fr\/produit\/salame-contadino-finocchietto\/#primaryimage"},"thumbnailUrl":"https:\/\/imacellotti.it\/wp-content\/uploads\/2025\/07\/Contadino-al-Finocchietto.jpg","datePublished":"2025-07-02T09:24:07+00:00","dateModified":"2025-09-25T21:33:21+00:00","breadcrumb":{"@id":"https:\/\/imacellotti.it\/fr\/produit\/salame-contadino-finocchietto\/#breadcrumb"},"inLanguage":"fr-FR","potentialAction":[{"@type":"ReadAction","target":["https:\/\/imacellotti.it\/fr\/produit\/salame-contadino-finocchietto\/"]}]},{"@type":"ImageObject","inLanguage":"fr-FR","@id":"https:\/\/imacellotti.it\/fr\/produit\/salame-contadino-finocchietto\/#primaryimage","url":"https:\/\/imacellotti.it\/wp-content\/uploads\/2025\/07\/Contadino-al-Finocchietto.jpg","contentUrl":"https:\/\/imacellotti.it\/wp-content\/uploads\/2025\/07\/Contadino-al-Finocchietto.jpg","width":1080,"height":1080},{"@type":"BreadcrumbList","@id":"https:\/\/imacellotti.it\/fr\/produit\/salame-contadino-finocchietto\/#breadcrumb","itemListElement":[{"@type":"ListItem","position":1,"name":"Home","item":"https:\/\/imacellotti.it\/"},{"@type":"ListItem","position":2,"name":"Boutique","item":"https:\/\/imacellotti.it\/fr\/boutique\/"},{"@type":"ListItem","position":3,"name":"SALAME CONTADINO AL FINOCCHIETTO"}]},{"@type":"WebSite","@id":"https:\/\/imacellotti.it\/#website","url":"https:\/\/imacellotti.it\/","name":"I Macellotti","description":"Vente de produits alimentaires","publisher":{"@id":"https:\/\/imacellotti.it\/#organization"},"potentialAction":[{"@type":"SearchAction","target":{"@type":"EntryPoint","urlTemplate":"https:\/\/imacellotti.it\/?s={search_term_string}"},"query-input":{"@type":"PropertyValueSpecification","valueRequired":true,"valueName":"search_term_string"}}],"inLanguage":"fr-FR"},{"@type":"Organization","@id":"https:\/\/imacellotti.it\/#organization","name":"I Macellotti","url":"https:\/\/imacellotti.it\/","logo":{"@type":"ImageObject","inLanguage":"fr-FR","@id":"https:\/\/imacellotti.it\/#\/schema\/logo\/image\/","url":"https:\/\/imacellotti.it\/wp-content\/uploads\/2025\/07\/LOGO_ITA_SF_I_MACELLOTTI_SCRITTA_IN-marrone-scaled.png","contentUrl":"https:\/\/imacellotti.it\/wp-content\/uploads\/2025\/07\/LOGO_ITA_SF_I_MACELLOTTI_SCRITTA_IN-marrone-scaled.png","width":2560,"height":2560,"caption":"I Macellotti"},"image":{"@id":"https:\/\/imacellotti.it\/#\/schema\/logo\/image\/"}}]}},"_links":{"self":[{"href":"https:\/\/imacellotti.it\/fr\/wp-json\/wp\/v2\/product\/1841","targetHints":{"allow":["GET"]}}],"collection":[{"href":"https:\/\/imacellotti.it\/fr\/wp-json\/wp\/v2\/product"}],"about":[{"href":"https:\/\/imacellotti.it\/fr\/wp-json\/wp\/v2\/types\/product"}],"replies":[{"embeddable":true,"href":"https:\/\/imacellotti.it\/fr\/wp-json\/wp\/v2\/comments?post=1841"}],"wp:featuredmedia":[{"embeddable":true,"href":"https:\/\/imacellotti.it\/fr\/wp-json\/wp\/v2\/media\/1372"}],"wp:attachment":[{"href":"https:\/\/imacellotti.it\/fr\/wp-json\/wp\/v2\/media?parent=1841"}],"wp:term":[{"taxonomy":"product_brand","embeddable":true,"href":"https:\/\/imacellotti.it\/fr\/wp-json\/wp\/v2\/product_brand?post=1841"},{"taxonomy":"product_cat","embeddable":true,"href":"https:\/\/imacellotti.it\/fr\/wp-json\/wp\/v2\/product_cat?post=1841"},{"taxonomy":"product_tag","embeddable":true,"href":"https:\/\/imacellotti.it\/fr\/wp-json\/wp\/v2\/product_tag?post=1841"}],"curies":[{"name":"wp","href":"https:\/\/api.w.org\/{rel}","templated":true}]}}

<p>C’est une charcuterie au goût traditionnel enrichi par<br />
parfum intense de fenouil sauvage.<br />
Préparé avec de la viande de porc sélectionnée et assaisonné avec des graines de fenouil, offre un équilibre parfait entre<br />
saveur et fraîcheur aromatique.<br />
La maturation lente met en valeur sa texture compacte et son goût rustique, ce qui le rend idéal pour ceux qui aiment les saveurs authentiques et parfumées.</p>

<!-- This site is optimized with the Yoast SEO plugin v26.0 - https://yoast.com/wordpress/plugins/seo/ -->
<title>SALAME CONTADINO AL FINOCCHIETTO - I Macellotti</title>
<meta name="robots" content="index, follow, max-snippet:-1, max-image-preview:large, max-video-preview:-1" />
<link rel="canonical" href="https://imacellotti.it/fr/produit/salame-contadino-finocchietto/" />
<meta property="og:locale" content="fr_FR" />
<meta property="og:type" content="article" />
<meta property="og:title" content="SALAME CONTADINO AL FINOCCHIETTO - I Macellotti" />
<meta property="og:description" content="C’est une charcuterie au goût traditionnel enrichi par parfum intense de fenouil sauvage. Préparé avec de la viande de porc sélectionnée et assaisonné avec des graines de fenouil, offre un équilibre parfait entre saveur et fraîcheur aromatique. La maturation lente met en valeur sa texture compacte et son goût rustique, ce qui le rend idéal pour ceux qui aiment les saveurs authentiques et parfumées." />
<meta property="og:url" content="https://imacellotti.it/fr/produit/salame-contadino-finocchietto/" />
<meta property="og:site_name" content="I Macellotti" />
<meta property="article:modified_time" content="2025-09-25T21:33:21+00:00" />
<meta property="og:image" content="https://imacellotti.it/wp-content/uploads/2025/07/Contadino-al-Finocchietto.jpg" />
	<meta property="og:image:width" content="1080" />
	<meta property="og:image:height" content="1080" />
	<meta property="og:image:type" content="image/jpeg" />
<meta name="twitter:card" content="summary_large_image" />
<script type="application/ld+json" class="yoast-schema-graph">{"@context":"https://schema.org","@graph":[{"@type":"WebPage","@id":"https://imacellotti.it/fr/produit/salame-contadino-finocchietto/","url":"https://imacellotti.it/fr/produit/salame-contadino-finocchietto/","name":"SALAME CONTADINO AL FINOCCHIETTO - I Macellotti","isPartOf":{"@id":"https://imacellotti.it/#website"},"primaryImageOfPage":{"@id":"https://imacellotti.it/fr/produit/salame-contadino-finocchietto/#primaryimage"},"image":{"@id":"https://imacellotti.it/fr/produit/salame-contadino-finocchietto/#primaryimage"},"thumbnailUrl":"https://imacellotti.it/wp-content/uploads/2025/07/Contadino-al-Finocchietto.jpg","datePublished":"2025-07-02T09:24:07+00:00","dateModified":"2025-09-25T21:33:21+00:00","breadcrumb":{"@id":"https://imacellotti.it/fr/produit/salame-contadino-finocchietto/#breadcrumb"},"inLanguage":"fr-FR","potentialAction":[{"@type":"ReadAction","target":["https://imacellotti.it/fr/produit/salame-contadino-finocchietto/"]}]},{"@type":"ImageObject","inLanguage":"fr-FR","@id":"https://imacellotti.it/fr/produit/salame-contadino-finocchietto/#primaryimage","url":"https://imacellotti.it/wp-content/uploads/2025/07/Contadino-al-Finocchietto.jpg","contentUrl":"https://imacellotti.it/wp-content/uploads/2025/07/Contadino-al-Finocchietto.jpg","width":1080,"height":1080},{"@type":"BreadcrumbList","@id":"https://imacellotti.it/fr/produit/salame-contadino-finocchietto/#breadcrumb","itemListElement":[{"@type":"ListItem","position":1,"name":"Home","item":"https://imacellotti.it/"},{"@type":"ListItem","position":2,"name":"Boutique","item":"https://imacellotti.it/fr/boutique/"},{"@type":"ListItem","position":3,"name":"SALAME CONTADINO AL FINOCCHIETTO"}]},{"@type":"WebSite","@id":"https://imacellotti.it/#website","url":"https://imacellotti.it/","name":"I Macellotti","description":"Vente de produits alimentaires","publisher":{"@id":"https://imacellotti.it/#organization"},"potentialAction":[{"@type":"SearchAction","target":{"@type":"EntryPoint","urlTemplate":"https://imacellotti.it/?s={search_term_string}"},"query-input":{"@type":"PropertyValueSpecification","valueRequired":true,"valueName":"search_term_string"}}],"inLanguage":"fr-FR"},{"@type":"Organization","@id":"https://imacellotti.it/#organization","name":"I Macellotti","url":"https://imacellotti.it/","logo":{"@type":"ImageObject","inLanguage":"fr-FR","@id":"https://imacellotti.it/#/schema/logo/image/","url":"https://imacellotti.it/wp-content/uploads/2025/07/LOGO_ITA_SF_I_MACELLOTTI_SCRITTA_IN-marrone-scaled.png","contentUrl":"https://imacellotti.it/wp-content/uploads/2025/07/LOGO_ITA_SF_I_MACELLOTTI_SCRITTA_IN-marrone-scaled.png","width":2560,"height":2560,"caption":"I Macellotti"},"image":{"@id":"https://imacellotti.it/#/schema/logo/image/"}}]}</script>
<!-- / Yoast SEO plugin. -->

C’est une charcuterie au goût traditionnel enrichi par parfum intense de fenouil sauvage. Préparé avec de la viande de porc sélectionnée et assaisonné avec des graines de fenouil, offre un équilibre parfait entre saveur et fraîcheur aromatique. La maturation lente met en valeur sa texture compacte et son goût rustique, ce qui le rend idéal pour ceux qui aiment les saveurs authentiques et parfumées.
