{"id":1849,"date":"2025-07-01T16:22:52","date_gmt":"2025-07-01T14:22:52","guid":{"rendered":"https:\/\/imacellotti.it\/prodotto\/salamella-curva-dolce\/"},"modified":"2025-09-25T23:47:10","modified_gmt":"2025-09-25T21:47:10","slug":"salamella-curva-dolce","status":"publish","type":"product","link":"https:\/\/imacellotti.it\/fr\/produit\/salamella-curva-dolce\/","title":{"rendered":"SALAMELLA CURVA DOLCE"},"content":{"rendered":"","protected":false},"excerpt":{"rendered":"<p class=\"p1\">Saucisse au caract\u00e8re vif et savoureux, travaill\u00e9<br \/>\nselon la recette traditionnelle.<br \/>\nPr\u00e9par\u00e9 avec de la viande porcine choisie par un tannage aromatique riche mais \u00e9quilibr\u00e9, il se distingue par sa forme caract\u00e9ristique<br \/>\net la consistance compacte.<br \/>\nLe go\u00fbt plein, l\u00e9g\u00e8rement \u00e9pic\u00e9 avec un parfum invitant<br \/>\n\u00e7a rappelle les grillades d\u2019antan.<br \/>\nD\u00e9licieux \u00e0 d\u00e9guster frais, grill\u00e9s, tranch\u00e9s apr\u00e8s une courte maturation. Parfait pour ceux qui aiment les saveurs rustiques et fermes.<\/p>\n","protected":false},"featured_media":1384,"comment_status":"open","ping_status":"closed","template":"","meta":[],"product_brand":[],"product_cat":[260],"product_tag":[],"class_list":["post-1849","product","type-product","status-publish","has-post-thumbnail","product_cat-divers-salamis-fr","first","instock","shipping-taxable","product-type-simple"],"yoast_head":"<!-- This site is optimized with the Yoast SEO plugin v26.0 - https:\/\/yoast.com\/wordpress\/plugins\/seo\/ -->\n<title>SALAMELLA CURVA DOLCE - I Macellotti<\/title>\n<meta name=\"robots\" content=\"index, follow, max-snippet:-1, max-image-preview:large, max-video-preview:-1\" \/>\n<link rel=\"canonical\" href=\"https:\/\/imacellotti.it\/fr\/produit\/salamella-curva-dolce\/\" \/>\n<meta property=\"og:locale\" content=\"fr_FR\" \/>\n<meta property=\"og:type\" content=\"article\" \/>\n<meta property=\"og:title\" content=\"SALAMELLA CURVA DOLCE - I Macellotti\" \/>\n<meta property=\"og:description\" content=\"Saucisse au caract\u00e8re vif et savoureux, travaill\u00e9 selon la recette traditionnelle. Pr\u00e9par\u00e9 avec de la viande porcine choisie par un tannage aromatique riche mais \u00e9quilibr\u00e9, il se distingue par sa forme caract\u00e9ristique et la consistance compacte. Le go\u00fbt plein, l\u00e9g\u00e8rement \u00e9pic\u00e9 avec un parfum invitant \u00e7a rappelle les grillades d\u2019antan. D\u00e9licieux \u00e0 d\u00e9guster frais, grill\u00e9s, tranch\u00e9s apr\u00e8s une courte maturation. Parfait pour ceux qui aiment les saveurs rustiques et fermes.\" \/>\n<meta property=\"og:url\" content=\"https:\/\/imacellotti.it\/fr\/produit\/salamella-curva-dolce\/\" \/>\n<meta property=\"og:site_name\" content=\"I Macellotti\" \/>\n<meta property=\"article:modified_time\" content=\"2025-09-25T21:47:10+00:00\" \/>\n<meta property=\"og:image\" content=\"https:\/\/imacellotti.it\/wp-content\/uploads\/2025\/07\/Salamella-Curva-1.jpg\" \/>\n\t<meta property=\"og:image:width\" content=\"1080\" \/>\n\t<meta property=\"og:image:height\" content=\"1080\" \/>\n\t<meta property=\"og:image:type\" content=\"image\/jpeg\" \/>\n<meta name=\"twitter:card\" content=\"summary_large_image\" \/>\n<script type=\"application\/ld+json\" class=\"yoast-schema-graph\">{\"@context\":\"https:\/\/schema.org\",\"@graph\":[{\"@type\":\"WebPage\",\"@id\":\"https:\/\/imacellotti.it\/fr\/produit\/salamella-curva-dolce\/\",\"url\":\"https:\/\/imacellotti.it\/fr\/produit\/salamella-curva-dolce\/\",\"name\":\"SALAMELLA CURVA DOLCE - I Macellotti\",\"isPartOf\":{\"@id\":\"https:\/\/imacellotti.it\/#website\"},\"primaryImageOfPage\":{\"@id\":\"https:\/\/imacellotti.it\/fr\/produit\/salamella-curva-dolce\/#primaryimage\"},\"image\":{\"@id\":\"https:\/\/imacellotti.it\/fr\/produit\/salamella-curva-dolce\/#primaryimage\"},\"thumbnailUrl\":\"https:\/\/imacellotti.it\/wp-content\/uploads\/2025\/07\/Salamella-Curva-1.jpg\",\"datePublished\":\"2025-07-01T14:22:52+00:00\",\"dateModified\":\"2025-09-25T21:47:10+00:00\",\"breadcrumb\":{\"@id\":\"https:\/\/imacellotti.it\/fr\/produit\/salamella-curva-dolce\/#breadcrumb\"},\"inLanguage\":\"fr-FR\",\"potentialAction\":[{\"@type\":\"ReadAction\",\"target\":[\"https:\/\/imacellotti.it\/fr\/produit\/salamella-curva-dolce\/\"]}]},{\"@type\":\"ImageObject\",\"inLanguage\":\"fr-FR\",\"@id\":\"https:\/\/imacellotti.it\/fr\/produit\/salamella-curva-dolce\/#primaryimage\",\"url\":\"https:\/\/imacellotti.it\/wp-content\/uploads\/2025\/07\/Salamella-Curva-1.jpg\",\"contentUrl\":\"https:\/\/imacellotti.it\/wp-content\/uploads\/2025\/07\/Salamella-Curva-1.jpg\",\"width\":1080,\"height\":1080},{\"@type\":\"BreadcrumbList\",\"@id\":\"https:\/\/imacellotti.it\/fr\/produit\/salamella-curva-dolce\/#breadcrumb\",\"itemListElement\":[{\"@type\":\"ListItem\",\"position\":1,\"name\":\"Home\",\"item\":\"https:\/\/imacellotti.it\/\"},{\"@type\":\"ListItem\",\"position\":2,\"name\":\"Boutique\",\"item\":\"https:\/\/imacellotti.it\/fr\/boutique\/\"},{\"@type\":\"ListItem\",\"position\":3,\"name\":\"SALAMELLA CURVA DOLCE\"}]},{\"@type\":\"WebSite\",\"@id\":\"https:\/\/imacellotti.it\/#website\",\"url\":\"https:\/\/imacellotti.it\/\",\"name\":\"I Macellotti\",\"description\":\"Vente de produits alimentaires\",\"publisher\":{\"@id\":\"https:\/\/imacellotti.it\/#organization\"},\"potentialAction\":[{\"@type\":\"SearchAction\",\"target\":{\"@type\":\"EntryPoint\",\"urlTemplate\":\"https:\/\/imacellotti.it\/?s={search_term_string}\"},\"query-input\":{\"@type\":\"PropertyValueSpecification\",\"valueRequired\":true,\"valueName\":\"search_term_string\"}}],\"inLanguage\":\"fr-FR\"},{\"@type\":\"Organization\",\"@id\":\"https:\/\/imacellotti.it\/#organization\",\"name\":\"I Macellotti\",\"url\":\"https:\/\/imacellotti.it\/\",\"logo\":{\"@type\":\"ImageObject\",\"inLanguage\":\"fr-FR\",\"@id\":\"https:\/\/imacellotti.it\/#\/schema\/logo\/image\/\",\"url\":\"https:\/\/imacellotti.it\/wp-content\/uploads\/2025\/07\/LOGO_ITA_SF_I_MACELLOTTI_SCRITTA_IN-marrone-scaled.png\",\"contentUrl\":\"https:\/\/imacellotti.it\/wp-content\/uploads\/2025\/07\/LOGO_ITA_SF_I_MACELLOTTI_SCRITTA_IN-marrone-scaled.png\",\"width\":2560,\"height\":2560,\"caption\":\"I Macellotti\"},\"image\":{\"@id\":\"https:\/\/imacellotti.it\/#\/schema\/logo\/image\/\"}}]}<\/script>\n<!-- \/ Yoast SEO plugin. -->","yoast_head_json":{"title":"SALAMELLA CURVA DOLCE - I Macellotti","robots":{"index":"index","follow":"follow","max-snippet":"max-snippet:-1","max-image-preview":"max-image-preview:large","max-video-preview":"max-video-preview:-1"},"canonical":"https:\/\/imacellotti.it\/fr\/produit\/salamella-curva-dolce\/","og_locale":"fr_FR","og_type":"article","og_title":"SALAMELLA CURVA DOLCE - I Macellotti","og_description":"Saucisse au caract\u00e8re vif et savoureux, travaill\u00e9 selon la recette traditionnelle. Pr\u00e9par\u00e9 avec de la viande porcine choisie par un tannage aromatique riche mais \u00e9quilibr\u00e9, il se distingue par sa forme caract\u00e9ristique et la consistance compacte. Le go\u00fbt plein, l\u00e9g\u00e8rement \u00e9pic\u00e9 avec un parfum invitant \u00e7a rappelle les grillades d\u2019antan. D\u00e9licieux \u00e0 d\u00e9guster frais, grill\u00e9s, tranch\u00e9s apr\u00e8s une courte maturation. Parfait pour ceux qui aiment les saveurs rustiques et fermes.","og_url":"https:\/\/imacellotti.it\/fr\/produit\/salamella-curva-dolce\/","og_site_name":"I Macellotti","article_modified_time":"2025-09-25T21:47:10+00:00","og_image":[{"width":1080,"height":1080,"url":"https:\/\/imacellotti.it\/wp-content\/uploads\/2025\/07\/Salamella-Curva-1.jpg","type":"image\/jpeg"}],"twitter_card":"summary_large_image","schema":{"@context":"https:\/\/schema.org","@graph":[{"@type":"WebPage","@id":"https:\/\/imacellotti.it\/fr\/produit\/salamella-curva-dolce\/","url":"https:\/\/imacellotti.it\/fr\/produit\/salamella-curva-dolce\/","name":"SALAMELLA CURVA DOLCE - I Macellotti","isPartOf":{"@id":"https:\/\/imacellotti.it\/#website"},"primaryImageOfPage":{"@id":"https:\/\/imacellotti.it\/fr\/produit\/salamella-curva-dolce\/#primaryimage"},"image":{"@id":"https:\/\/imacellotti.it\/fr\/produit\/salamella-curva-dolce\/#primaryimage"},"thumbnailUrl":"https:\/\/imacellotti.it\/wp-content\/uploads\/2025\/07\/Salamella-Curva-1.jpg","datePublished":"2025-07-01T14:22:52+00:00","dateModified":"2025-09-25T21:47:10+00:00","breadcrumb":{"@id":"https:\/\/imacellotti.it\/fr\/produit\/salamella-curva-dolce\/#breadcrumb"},"inLanguage":"fr-FR","potentialAction":[{"@type":"ReadAction","target":["https:\/\/imacellotti.it\/fr\/produit\/salamella-curva-dolce\/"]}]},{"@type":"ImageObject","inLanguage":"fr-FR","@id":"https:\/\/imacellotti.it\/fr\/produit\/salamella-curva-dolce\/#primaryimage","url":"https:\/\/imacellotti.it\/wp-content\/uploads\/2025\/07\/Salamella-Curva-1.jpg","contentUrl":"https:\/\/imacellotti.it\/wp-content\/uploads\/2025\/07\/Salamella-Curva-1.jpg","width":1080,"height":1080},{"@type":"BreadcrumbList","@id":"https:\/\/imacellotti.it\/fr\/produit\/salamella-curva-dolce\/#breadcrumb","itemListElement":[{"@type":"ListItem","position":1,"name":"Home","item":"https:\/\/imacellotti.it\/"},{"@type":"ListItem","position":2,"name":"Boutique","item":"https:\/\/imacellotti.it\/fr\/boutique\/"},{"@type":"ListItem","position":3,"name":"SALAMELLA CURVA DOLCE"}]},{"@type":"WebSite","@id":"https:\/\/imacellotti.it\/#website","url":"https:\/\/imacellotti.it\/","name":"I Macellotti","description":"Vente de produits alimentaires","publisher":{"@id":"https:\/\/imacellotti.it\/#organization"},"potentialAction":[{"@type":"SearchAction","target":{"@type":"EntryPoint","urlTemplate":"https:\/\/imacellotti.it\/?s={search_term_string}"},"query-input":{"@type":"PropertyValueSpecification","valueRequired":true,"valueName":"search_term_string"}}],"inLanguage":"fr-FR"},{"@type":"Organization","@id":"https:\/\/imacellotti.it\/#organization","name":"I Macellotti","url":"https:\/\/imacellotti.it\/","logo":{"@type":"ImageObject","inLanguage":"fr-FR","@id":"https:\/\/imacellotti.it\/#\/schema\/logo\/image\/","url":"https:\/\/imacellotti.it\/wp-content\/uploads\/2025\/07\/LOGO_ITA_SF_I_MACELLOTTI_SCRITTA_IN-marrone-scaled.png","contentUrl":"https:\/\/imacellotti.it\/wp-content\/uploads\/2025\/07\/LOGO_ITA_SF_I_MACELLOTTI_SCRITTA_IN-marrone-scaled.png","width":2560,"height":2560,"caption":"I Macellotti"},"image":{"@id":"https:\/\/imacellotti.it\/#\/schema\/logo\/image\/"}}]}},"_links":{"self":[{"href":"https:\/\/imacellotti.it\/fr\/wp-json\/wp\/v2\/product\/1849","targetHints":{"allow":["GET"]}}],"collection":[{"href":"https:\/\/imacellotti.it\/fr\/wp-json\/wp\/v2\/product"}],"about":[{"href":"https:\/\/imacellotti.it\/fr\/wp-json\/wp\/v2\/types\/product"}],"replies":[{"embeddable":true,"href":"https:\/\/imacellotti.it\/fr\/wp-json\/wp\/v2\/comments?post=1849"}],"wp:featuredmedia":[{"embeddable":true,"href":"https:\/\/imacellotti.it\/fr\/wp-json\/wp\/v2\/media\/1384"}],"wp:attachment":[{"href":"https:\/\/imacellotti.it\/fr\/wp-json\/wp\/v2\/media?parent=1849"}],"wp:term":[{"taxonomy":"product_brand","embeddable":true,"href":"https:\/\/imacellotti.it\/fr\/wp-json\/wp\/v2\/product_brand?post=1849"},{"taxonomy":"product_cat","embeddable":true,"href":"https:\/\/imacellotti.it\/fr\/wp-json\/wp\/v2\/product_cat?post=1849"},{"taxonomy":"product_tag","embeddable":true,"href":"https:\/\/imacellotti.it\/fr\/wp-json\/wp\/v2\/product_tag?post=1849"}],"curies":[{"name":"wp","href":"https:\/\/api.w.org\/{rel}","templated":true}]}}

<p class="p1">Saucisse au caractère vif et savoureux, travaillé<br />
selon la recette traditionnelle.<br />
Préparé avec de la viande porcine choisie par un tannage aromatique riche mais équilibré, il se distingue par sa forme caractéristique<br />
et la consistance compacte.<br />
Le goût plein, légèrement épicé avec un parfum invitant<br />
ça rappelle les grillades d’antan.<br />
Délicieux à déguster frais, grillés, tranchés après une courte maturation. Parfait pour ceux qui aiment les saveurs rustiques et fermes.</p>

<!-- This site is optimized with the Yoast SEO plugin v26.0 - https://yoast.com/wordpress/plugins/seo/ -->
<title>SALAMELLA CURVA DOLCE - I Macellotti</title>
<meta name="robots" content="index, follow, max-snippet:-1, max-image-preview:large, max-video-preview:-1" />
<link rel="canonical" href="https://imacellotti.it/fr/produit/salamella-curva-dolce/" />
<meta property="og:locale" content="fr_FR" />
<meta property="og:type" content="article" />
<meta property="og:title" content="SALAMELLA CURVA DOLCE - I Macellotti" />
<meta property="og:description" content="Saucisse au caractère vif et savoureux, travaillé selon la recette traditionnelle. Préparé avec de la viande porcine choisie par un tannage aromatique riche mais équilibré, il se distingue par sa forme caractéristique et la consistance compacte. Le goût plein, légèrement épicé avec un parfum invitant ça rappelle les grillades d’antan. Délicieux à déguster frais, grillés, tranchés après une courte maturation. Parfait pour ceux qui aiment les saveurs rustiques et fermes." />
<meta property="og:url" content="https://imacellotti.it/fr/produit/salamella-curva-dolce/" />
<meta property="og:site_name" content="I Macellotti" />
<meta property="article:modified_time" content="2025-09-25T21:47:10+00:00" />
<meta property="og:image" content="https://imacellotti.it/wp-content/uploads/2025/07/Salamella-Curva-1.jpg" />
	<meta property="og:image:width" content="1080" />
	<meta property="og:image:height" content="1080" />
	<meta property="og:image:type" content="image/jpeg" />
<meta name="twitter:card" content="summary_large_image" />
<script type="application/ld+json" class="yoast-schema-graph">{"@context":"https://schema.org","@graph":[{"@type":"WebPage","@id":"https://imacellotti.it/fr/produit/salamella-curva-dolce/","url":"https://imacellotti.it/fr/produit/salamella-curva-dolce/","name":"SALAMELLA CURVA DOLCE - I Macellotti","isPartOf":{"@id":"https://imacellotti.it/#website"},"primaryImageOfPage":{"@id":"https://imacellotti.it/fr/produit/salamella-curva-dolce/#primaryimage"},"image":{"@id":"https://imacellotti.it/fr/produit/salamella-curva-dolce/#primaryimage"},"thumbnailUrl":"https://imacellotti.it/wp-content/uploads/2025/07/Salamella-Curva-1.jpg","datePublished":"2025-07-01T14:22:52+00:00","dateModified":"2025-09-25T21:47:10+00:00","breadcrumb":{"@id":"https://imacellotti.it/fr/produit/salamella-curva-dolce/#breadcrumb"},"inLanguage":"fr-FR","potentialAction":[{"@type":"ReadAction","target":["https://imacellotti.it/fr/produit/salamella-curva-dolce/"]}]},{"@type":"ImageObject","inLanguage":"fr-FR","@id":"https://imacellotti.it/fr/produit/salamella-curva-dolce/#primaryimage","url":"https://imacellotti.it/wp-content/uploads/2025/07/Salamella-Curva-1.jpg","contentUrl":"https://imacellotti.it/wp-content/uploads/2025/07/Salamella-Curva-1.jpg","width":1080,"height":1080},{"@type":"BreadcrumbList","@id":"https://imacellotti.it/fr/produit/salamella-curva-dolce/#breadcrumb","itemListElement":[{"@type":"ListItem","position":1,"name":"Home","item":"https://imacellotti.it/"},{"@type":"ListItem","position":2,"name":"Boutique","item":"https://imacellotti.it/fr/boutique/"},{"@type":"ListItem","position":3,"name":"SALAMELLA CURVA DOLCE"}]},{"@type":"WebSite","@id":"https://imacellotti.it/#website","url":"https://imacellotti.it/","name":"I Macellotti","description":"Vente de produits alimentaires","publisher":{"@id":"https://imacellotti.it/#organization"},"potentialAction":[{"@type":"SearchAction","target":{"@type":"EntryPoint","urlTemplate":"https://imacellotti.it/?s={search_term_string}"},"query-input":{"@type":"PropertyValueSpecification","valueRequired":true,"valueName":"search_term_string"}}],"inLanguage":"fr-FR"},{"@type":"Organization","@id":"https://imacellotti.it/#organization","name":"I Macellotti","url":"https://imacellotti.it/","logo":{"@type":"ImageObject","inLanguage":"fr-FR","@id":"https://imacellotti.it/#/schema/logo/image/","url":"https://imacellotti.it/wp-content/uploads/2025/07/LOGO_ITA_SF_I_MACELLOTTI_SCRITTA_IN-marrone-scaled.png","contentUrl":"https://imacellotti.it/wp-content/uploads/2025/07/LOGO_ITA_SF_I_MACELLOTTI_SCRITTA_IN-marrone-scaled.png","width":2560,"height":2560,"caption":"I Macellotti"},"image":{"@id":"https://imacellotti.it/#/schema/logo/image/"}}]}</script>
<!-- / Yoast SEO plugin. -->

Saucisse au caractère vif et savoureux, travaillé selon la recette traditionnelle. Préparé avec de la viande porcine choisie par un tannage aromatique riche mais équilibré, il se distingue par sa forme caractéristique et la consistance compacte. Le goût plein, légèrement épicé avec un parfum invitant ça rappelle les grillades d’antan. Délicieux à déguster frais, grillés, tranchés après une courte maturation. Parfait pour ceux qui aiment les saveurs rustiques et fermes.
