{"id":1875,"date":"2025-07-02T11:50:41","date_gmt":"2025-07-02T09:50:41","guid":{"rendered":"https:\/\/imacellotti.it\/prodotto\/salame-strolghino\/"},"modified":"2025-09-26T00:13:03","modified_gmt":"2025-09-25T22:13:03","slug":"salame-strolghino","status":"publish","type":"product","link":"https:\/\/imacellotti.it\/fr\/produit\/salame-strolghino\/","title":{"rendered":"SALAME STROLGHINO"},"content":{"rendered":"","protected":false},"excerpt":{"rendered":"<p class=\"p1\">Le Salame Strolghino au go\u00fbt d\u00e9licat et parfum\u00e9. est obtenu \u00e0 partir des parties les plus nobles du porc. Saucisson en boyau mince est affin\u00e9 pendant une courte p\u00e9riode, maintenant ainsi une consistance douce et un go\u00fbt sucr\u00e9 l\u00e9g\u00e8rement aromatique.<br \/>\nId\u00e9al \u00e0 d\u00e9guster tranch\u00e9 frais exprime au mieux la tradition \u00e9milienne avec simplicit\u00e9 et raffinement.<br \/>\nIl est recommand\u00e9 de le combiner pour sa bont\u00e9 sinc\u00e8re avec des ap\u00e9ritifs, des entr\u00e9es et des planches \u00e0 d\u00e9couper l\u00e9g\u00e8res.<\/p>\n","protected":false},"featured_media":1330,"comment_status":"open","ping_status":"closed","template":"","meta":[],"product_brand":[],"product_cat":[260],"product_tag":[],"class_list":["post-1875","product","type-product","status-publish","has-post-thumbnail","product_cat-divers-salamis-fr","first","instock","shipping-taxable","product-type-simple"],"yoast_head":"<!-- This site is optimized with the Yoast SEO plugin v26.0 - https:\/\/yoast.com\/wordpress\/plugins\/seo\/ -->\n<title>SALAME STROLGHINO - I Macellotti<\/title>\n<meta name=\"robots\" content=\"index, follow, max-snippet:-1, max-image-preview:large, max-video-preview:-1\" \/>\n<link rel=\"canonical\" href=\"https:\/\/imacellotti.it\/fr\/produit\/salame-strolghino\/\" \/>\n<meta property=\"og:locale\" content=\"fr_FR\" \/>\n<meta property=\"og:type\" content=\"article\" \/>\n<meta property=\"og:title\" content=\"SALAME STROLGHINO - I Macellotti\" \/>\n<meta property=\"og:description\" content=\"Le Salame Strolghino au go\u00fbt d\u00e9licat et parfum\u00e9. est obtenu \u00e0 partir des parties les plus nobles du porc. Saucisson en boyau mince est affin\u00e9 pendant une courte p\u00e9riode, maintenant ainsi une consistance douce et un go\u00fbt sucr\u00e9 l\u00e9g\u00e8rement aromatique. Id\u00e9al \u00e0 d\u00e9guster tranch\u00e9 frais exprime au mieux la tradition \u00e9milienne avec simplicit\u00e9 et raffinement. Il est recommand\u00e9 de le combiner pour sa bont\u00e9 sinc\u00e8re avec des ap\u00e9ritifs, des entr\u00e9es et des planches \u00e0 d\u00e9couper l\u00e9g\u00e8res.\" \/>\n<meta property=\"og:url\" content=\"https:\/\/imacellotti.it\/fr\/produit\/salame-strolghino\/\" \/>\n<meta property=\"og:site_name\" content=\"I Macellotti\" \/>\n<meta property=\"article:modified_time\" content=\"2025-09-25T22:13:03+00:00\" \/>\n<meta property=\"og:image\" content=\"https:\/\/imacellotti.it\/wp-content\/uploads\/2025\/07\/Salame-Strolghino-1.jpg\" \/>\n\t<meta property=\"og:image:width\" content=\"1080\" \/>\n\t<meta property=\"og:image:height\" content=\"1080\" \/>\n\t<meta property=\"og:image:type\" content=\"image\/jpeg\" \/>\n<meta name=\"twitter:card\" content=\"summary_large_image\" \/>\n<script type=\"application\/ld+json\" class=\"yoast-schema-graph\">{\"@context\":\"https:\/\/schema.org\",\"@graph\":[{\"@type\":\"WebPage\",\"@id\":\"https:\/\/imacellotti.it\/fr\/produit\/salame-strolghino\/\",\"url\":\"https:\/\/imacellotti.it\/fr\/produit\/salame-strolghino\/\",\"name\":\"SALAME STROLGHINO - I Macellotti\",\"isPartOf\":{\"@id\":\"https:\/\/imacellotti.it\/#website\"},\"primaryImageOfPage\":{\"@id\":\"https:\/\/imacellotti.it\/fr\/produit\/salame-strolghino\/#primaryimage\"},\"image\":{\"@id\":\"https:\/\/imacellotti.it\/fr\/produit\/salame-strolghino\/#primaryimage\"},\"thumbnailUrl\":\"https:\/\/imacellotti.it\/wp-content\/uploads\/2025\/07\/Salame-Strolghino-1.jpg\",\"datePublished\":\"2025-07-02T09:50:41+00:00\",\"dateModified\":\"2025-09-25T22:13:03+00:00\",\"breadcrumb\":{\"@id\":\"https:\/\/imacellotti.it\/fr\/produit\/salame-strolghino\/#breadcrumb\"},\"inLanguage\":\"fr-FR\",\"potentialAction\":[{\"@type\":\"ReadAction\",\"target\":[\"https:\/\/imacellotti.it\/fr\/produit\/salame-strolghino\/\"]}]},{\"@type\":\"ImageObject\",\"inLanguage\":\"fr-FR\",\"@id\":\"https:\/\/imacellotti.it\/fr\/produit\/salame-strolghino\/#primaryimage\",\"url\":\"https:\/\/imacellotti.it\/wp-content\/uploads\/2025\/07\/Salame-Strolghino-1.jpg\",\"contentUrl\":\"https:\/\/imacellotti.it\/wp-content\/uploads\/2025\/07\/Salame-Strolghino-1.jpg\",\"width\":1080,\"height\":1080},{\"@type\":\"BreadcrumbList\",\"@id\":\"https:\/\/imacellotti.it\/fr\/produit\/salame-strolghino\/#breadcrumb\",\"itemListElement\":[{\"@type\":\"ListItem\",\"position\":1,\"name\":\"Home\",\"item\":\"https:\/\/imacellotti.it\/\"},{\"@type\":\"ListItem\",\"position\":2,\"name\":\"Boutique\",\"item\":\"https:\/\/imacellotti.it\/fr\/boutique\/\"},{\"@type\":\"ListItem\",\"position\":3,\"name\":\"SALAME STROLGHINO\"}]},{\"@type\":\"WebSite\",\"@id\":\"https:\/\/imacellotti.it\/#website\",\"url\":\"https:\/\/imacellotti.it\/\",\"name\":\"I Macellotti\",\"description\":\"Vente de produits alimentaires\",\"publisher\":{\"@id\":\"https:\/\/imacellotti.it\/#organization\"},\"potentialAction\":[{\"@type\":\"SearchAction\",\"target\":{\"@type\":\"EntryPoint\",\"urlTemplate\":\"https:\/\/imacellotti.it\/?s={search_term_string}\"},\"query-input\":{\"@type\":\"PropertyValueSpecification\",\"valueRequired\":true,\"valueName\":\"search_term_string\"}}],\"inLanguage\":\"fr-FR\"},{\"@type\":\"Organization\",\"@id\":\"https:\/\/imacellotti.it\/#organization\",\"name\":\"I Macellotti\",\"url\":\"https:\/\/imacellotti.it\/\",\"logo\":{\"@type\":\"ImageObject\",\"inLanguage\":\"fr-FR\",\"@id\":\"https:\/\/imacellotti.it\/#\/schema\/logo\/image\/\",\"url\":\"https:\/\/imacellotti.it\/wp-content\/uploads\/2025\/07\/LOGO_ITA_SF_I_MACELLOTTI_SCRITTA_IN-marrone-scaled.png\",\"contentUrl\":\"https:\/\/imacellotti.it\/wp-content\/uploads\/2025\/07\/LOGO_ITA_SF_I_MACELLOTTI_SCRITTA_IN-marrone-scaled.png\",\"width\":2560,\"height\":2560,\"caption\":\"I Macellotti\"},\"image\":{\"@id\":\"https:\/\/imacellotti.it\/#\/schema\/logo\/image\/\"}}]}<\/script>\n<!-- \/ Yoast SEO plugin. -->","yoast_head_json":{"title":"SALAME STROLGHINO - I Macellotti","robots":{"index":"index","follow":"follow","max-snippet":"max-snippet:-1","max-image-preview":"max-image-preview:large","max-video-preview":"max-video-preview:-1"},"canonical":"https:\/\/imacellotti.it\/fr\/produit\/salame-strolghino\/","og_locale":"fr_FR","og_type":"article","og_title":"SALAME STROLGHINO - I Macellotti","og_description":"Le Salame Strolghino au go\u00fbt d\u00e9licat et parfum\u00e9. est obtenu \u00e0 partir des parties les plus nobles du porc. Saucisson en boyau mince est affin\u00e9 pendant une courte p\u00e9riode, maintenant ainsi une consistance douce et un go\u00fbt sucr\u00e9 l\u00e9g\u00e8rement aromatique. Id\u00e9al \u00e0 d\u00e9guster tranch\u00e9 frais exprime au mieux la tradition \u00e9milienne avec simplicit\u00e9 et raffinement. Il est recommand\u00e9 de le combiner pour sa bont\u00e9 sinc\u00e8re avec des ap\u00e9ritifs, des entr\u00e9es et des planches \u00e0 d\u00e9couper l\u00e9g\u00e8res.","og_url":"https:\/\/imacellotti.it\/fr\/produit\/salame-strolghino\/","og_site_name":"I Macellotti","article_modified_time":"2025-09-25T22:13:03+00:00","og_image":[{"width":1080,"height":1080,"url":"https:\/\/imacellotti.it\/wp-content\/uploads\/2025\/07\/Salame-Strolghino-1.jpg","type":"image\/jpeg"}],"twitter_card":"summary_large_image","schema":{"@context":"https:\/\/schema.org","@graph":[{"@type":"WebPage","@id":"https:\/\/imacellotti.it\/fr\/produit\/salame-strolghino\/","url":"https:\/\/imacellotti.it\/fr\/produit\/salame-strolghino\/","name":"SALAME STROLGHINO - I Macellotti","isPartOf":{"@id":"https:\/\/imacellotti.it\/#website"},"primaryImageOfPage":{"@id":"https:\/\/imacellotti.it\/fr\/produit\/salame-strolghino\/#primaryimage"},"image":{"@id":"https:\/\/imacellotti.it\/fr\/produit\/salame-strolghino\/#primaryimage"},"thumbnailUrl":"https:\/\/imacellotti.it\/wp-content\/uploads\/2025\/07\/Salame-Strolghino-1.jpg","datePublished":"2025-07-02T09:50:41+00:00","dateModified":"2025-09-25T22:13:03+00:00","breadcrumb":{"@id":"https:\/\/imacellotti.it\/fr\/produit\/salame-strolghino\/#breadcrumb"},"inLanguage":"fr-FR","potentialAction":[{"@type":"ReadAction","target":["https:\/\/imacellotti.it\/fr\/produit\/salame-strolghino\/"]}]},{"@type":"ImageObject","inLanguage":"fr-FR","@id":"https:\/\/imacellotti.it\/fr\/produit\/salame-strolghino\/#primaryimage","url":"https:\/\/imacellotti.it\/wp-content\/uploads\/2025\/07\/Salame-Strolghino-1.jpg","contentUrl":"https:\/\/imacellotti.it\/wp-content\/uploads\/2025\/07\/Salame-Strolghino-1.jpg","width":1080,"height":1080},{"@type":"BreadcrumbList","@id":"https:\/\/imacellotti.it\/fr\/produit\/salame-strolghino\/#breadcrumb","itemListElement":[{"@type":"ListItem","position":1,"name":"Home","item":"https:\/\/imacellotti.it\/"},{"@type":"ListItem","position":2,"name":"Boutique","item":"https:\/\/imacellotti.it\/fr\/boutique\/"},{"@type":"ListItem","position":3,"name":"SALAME STROLGHINO"}]},{"@type":"WebSite","@id":"https:\/\/imacellotti.it\/#website","url":"https:\/\/imacellotti.it\/","name":"I Macellotti","description":"Vente de produits alimentaires","publisher":{"@id":"https:\/\/imacellotti.it\/#organization"},"potentialAction":[{"@type":"SearchAction","target":{"@type":"EntryPoint","urlTemplate":"https:\/\/imacellotti.it\/?s={search_term_string}"},"query-input":{"@type":"PropertyValueSpecification","valueRequired":true,"valueName":"search_term_string"}}],"inLanguage":"fr-FR"},{"@type":"Organization","@id":"https:\/\/imacellotti.it\/#organization","name":"I Macellotti","url":"https:\/\/imacellotti.it\/","logo":{"@type":"ImageObject","inLanguage":"fr-FR","@id":"https:\/\/imacellotti.it\/#\/schema\/logo\/image\/","url":"https:\/\/imacellotti.it\/wp-content\/uploads\/2025\/07\/LOGO_ITA_SF_I_MACELLOTTI_SCRITTA_IN-marrone-scaled.png","contentUrl":"https:\/\/imacellotti.it\/wp-content\/uploads\/2025\/07\/LOGO_ITA_SF_I_MACELLOTTI_SCRITTA_IN-marrone-scaled.png","width":2560,"height":2560,"caption":"I Macellotti"},"image":{"@id":"https:\/\/imacellotti.it\/#\/schema\/logo\/image\/"}}]}},"_links":{"self":[{"href":"https:\/\/imacellotti.it\/fr\/wp-json\/wp\/v2\/product\/1875","targetHints":{"allow":["GET"]}}],"collection":[{"href":"https:\/\/imacellotti.it\/fr\/wp-json\/wp\/v2\/product"}],"about":[{"href":"https:\/\/imacellotti.it\/fr\/wp-json\/wp\/v2\/types\/product"}],"replies":[{"embeddable":true,"href":"https:\/\/imacellotti.it\/fr\/wp-json\/wp\/v2\/comments?post=1875"}],"wp:featuredmedia":[{"embeddable":true,"href":"https:\/\/imacellotti.it\/fr\/wp-json\/wp\/v2\/media\/1330"}],"wp:attachment":[{"href":"https:\/\/imacellotti.it\/fr\/wp-json\/wp\/v2\/media?parent=1875"}],"wp:term":[{"taxonomy":"product_brand","embeddable":true,"href":"https:\/\/imacellotti.it\/fr\/wp-json\/wp\/v2\/product_brand?post=1875"},{"taxonomy":"product_cat","embeddable":true,"href":"https:\/\/imacellotti.it\/fr\/wp-json\/wp\/v2\/product_cat?post=1875"},{"taxonomy":"product_tag","embeddable":true,"href":"https:\/\/imacellotti.it\/fr\/wp-json\/wp\/v2\/product_tag?post=1875"}],"curies":[{"name":"wp","href":"https:\/\/api.w.org\/{rel}","templated":true}]}}

<p class="p1">Le Salame Strolghino au goût délicat et parfumé. est obtenu à partir des parties les plus nobles du porc. Saucisson en boyau mince est affiné pendant une courte période, maintenant ainsi une consistance douce et un goût sucré légèrement aromatique.<br />
Idéal à déguster tranché frais exprime au mieux la tradition émilienne avec simplicité et raffinement.<br />
Il est recommandé de le combiner pour sa bonté sincère avec des apéritifs, des entrées et des planches à découper légères.</p>

<!-- This site is optimized with the Yoast SEO plugin v26.0 - https://yoast.com/wordpress/plugins/seo/ -->
<title>SALAME STROLGHINO - I Macellotti</title>
<meta name="robots" content="index, follow, max-snippet:-1, max-image-preview:large, max-video-preview:-1" />
<link rel="canonical" href="https://imacellotti.it/fr/produit/salame-strolghino/" />
<meta property="og:locale" content="fr_FR" />
<meta property="og:type" content="article" />
<meta property="og:title" content="SALAME STROLGHINO - I Macellotti" />
<meta property="og:description" content="Le Salame Strolghino au goût délicat et parfumé. est obtenu à partir des parties les plus nobles du porc. Saucisson en boyau mince est affiné pendant une courte période, maintenant ainsi une consistance douce et un goût sucré légèrement aromatique. Idéal à déguster tranché frais exprime au mieux la tradition émilienne avec simplicité et raffinement. Il est recommandé de le combiner pour sa bonté sincère avec des apéritifs, des entrées et des planches à découper légères." />
<meta property="og:url" content="https://imacellotti.it/fr/produit/salame-strolghino/" />
<meta property="og:site_name" content="I Macellotti" />
<meta property="article:modified_time" content="2025-09-25T22:13:03+00:00" />
<meta property="og:image" content="https://imacellotti.it/wp-content/uploads/2025/07/Salame-Strolghino-1.jpg" />
	<meta property="og:image:width" content="1080" />
	<meta property="og:image:height" content="1080" />
	<meta property="og:image:type" content="image/jpeg" />
<meta name="twitter:card" content="summary_large_image" />
<script type="application/ld+json" class="yoast-schema-graph">{"@context":"https://schema.org","@graph":[{"@type":"WebPage","@id":"https://imacellotti.it/fr/produit/salame-strolghino/","url":"https://imacellotti.it/fr/produit/salame-strolghino/","name":"SALAME STROLGHINO - I Macellotti","isPartOf":{"@id":"https://imacellotti.it/#website"},"primaryImageOfPage":{"@id":"https://imacellotti.it/fr/produit/salame-strolghino/#primaryimage"},"image":{"@id":"https://imacellotti.it/fr/produit/salame-strolghino/#primaryimage"},"thumbnailUrl":"https://imacellotti.it/wp-content/uploads/2025/07/Salame-Strolghino-1.jpg","datePublished":"2025-07-02T09:50:41+00:00","dateModified":"2025-09-25T22:13:03+00:00","breadcrumb":{"@id":"https://imacellotti.it/fr/produit/salame-strolghino/#breadcrumb"},"inLanguage":"fr-FR","potentialAction":[{"@type":"ReadAction","target":["https://imacellotti.it/fr/produit/salame-strolghino/"]}]},{"@type":"ImageObject","inLanguage":"fr-FR","@id":"https://imacellotti.it/fr/produit/salame-strolghino/#primaryimage","url":"https://imacellotti.it/wp-content/uploads/2025/07/Salame-Strolghino-1.jpg","contentUrl":"https://imacellotti.it/wp-content/uploads/2025/07/Salame-Strolghino-1.jpg","width":1080,"height":1080},{"@type":"BreadcrumbList","@id":"https://imacellotti.it/fr/produit/salame-strolghino/#breadcrumb","itemListElement":[{"@type":"ListItem","position":1,"name":"Home","item":"https://imacellotti.it/"},{"@type":"ListItem","position":2,"name":"Boutique","item":"https://imacellotti.it/fr/boutique/"},{"@type":"ListItem","position":3,"name":"SALAME STROLGHINO"}]},{"@type":"WebSite","@id":"https://imacellotti.it/#website","url":"https://imacellotti.it/","name":"I Macellotti","description":"Vente de produits alimentaires","publisher":{"@id":"https://imacellotti.it/#organization"},"potentialAction":[{"@type":"SearchAction","target":{"@type":"EntryPoint","urlTemplate":"https://imacellotti.it/?s={search_term_string}"},"query-input":{"@type":"PropertyValueSpecification","valueRequired":true,"valueName":"search_term_string"}}],"inLanguage":"fr-FR"},{"@type":"Organization","@id":"https://imacellotti.it/#organization","name":"I Macellotti","url":"https://imacellotti.it/","logo":{"@type":"ImageObject","inLanguage":"fr-FR","@id":"https://imacellotti.it/#/schema/logo/image/","url":"https://imacellotti.it/wp-content/uploads/2025/07/LOGO_ITA_SF_I_MACELLOTTI_SCRITTA_IN-marrone-scaled.png","contentUrl":"https://imacellotti.it/wp-content/uploads/2025/07/LOGO_ITA_SF_I_MACELLOTTI_SCRITTA_IN-marrone-scaled.png","width":2560,"height":2560,"caption":"I Macellotti"},"image":{"@id":"https://imacellotti.it/#/schema/logo/image/"}}]}</script>
<!-- / Yoast SEO plugin. -->

Le Salame Strolghino au goût délicat et parfumé. est obtenu à partir des parties les plus nobles du porc. Saucisson en boyau mince est affiné pendant une courte période, maintenant ainsi une consistance douce et un goût sucré légèrement aromatique. Idéal à déguster tranché frais exprime au mieux la tradition émilienne avec simplicité et raffinement. Il est recommandé de le combiner pour sa bonté sincère avec des apéritifs, des entrées et des planches à découper légères.
