{"id":1879,"date":"2025-07-02T11:54:56","date_gmt":"2025-07-02T09:54:56","guid":{"rendered":"https:\/\/imacellotti.it\/prodotto\/salame-ventricina\/"},"modified":"2025-09-26T00:17:32","modified_gmt":"2025-09-25T22:17:32","slug":"salame-ventricina","status":"publish","type":"product","link":"https:\/\/imacellotti.it\/fr\/produit\/salame-ventricina\/","title":{"rendered":"SALAME VENTRICINA"},"content":{"rendered":"","protected":false},"excerpt":{"rendered":"<p>La Ventricina est l\u2019une des charcuteries les plus typiques et les plus appr\u00e9ci\u00e9es du centre-sud de l\u2019Italie.<br \/>\nR\u00e9alis\u00e9e avec des viandes porcines s\u00e9lectionn\u00e9es et<br \/>\nd\u2019un m\u00e9lange d\u2019\u00e9pices, de piment et d\u2019ar\u00f4mes naturels<br \/>\nse distingue par son go\u00fbt Je veux dire et l\u00e9g\u00e8rement \u00e9pic\u00e9.<br \/>\nLe grain rouge, la couleur vive et le parfum incomparable<br \/>\nle rendent parfait pour enrichir<br \/>\ndes planches \u00e0 d\u00e9couper, ap\u00e9ritifs rustiques ou simplement<br \/>\n\u00e0 d\u00e9guster avec du bon pain.<br \/>\nUn salami qui raconte des histoires de terroir, de passion<br \/>\net de saveurs authentiques.<\/p>\n","protected":false},"featured_media":1426,"comment_status":"open","ping_status":"closed","template":"","meta":[],"product_brand":[],"product_cat":[260],"product_tag":[],"class_list":["post-1879","product","type-product","status-publish","has-post-thumbnail","product_cat-divers-salamis-fr","first","instock","shipping-taxable","product-type-simple"],"yoast_head":"<!-- This site is optimized with the Yoast SEO plugin v26.0 - https:\/\/yoast.com\/wordpress\/plugins\/seo\/ -->\n<title>SALAME VENTRICINA - I Macellotti<\/title>\n<meta name=\"robots\" content=\"index, follow, max-snippet:-1, max-image-preview:large, max-video-preview:-1\" \/>\n<link rel=\"canonical\" href=\"https:\/\/imacellotti.it\/fr\/produit\/salame-ventricina\/\" \/>\n<meta property=\"og:locale\" content=\"fr_FR\" \/>\n<meta property=\"og:type\" content=\"article\" \/>\n<meta property=\"og:title\" content=\"SALAME VENTRICINA - I Macellotti\" \/>\n<meta property=\"og:description\" content=\"La Ventricina est l\u2019une des charcuteries les plus typiques et les plus appr\u00e9ci\u00e9es du centre-sud de l\u2019Italie. R\u00e9alis\u00e9e avec des viandes porcines s\u00e9lectionn\u00e9es et d\u2019un m\u00e9lange d\u2019\u00e9pices, de piment et d\u2019ar\u00f4mes naturels se distingue par son go\u00fbt Je veux dire et l\u00e9g\u00e8rement \u00e9pic\u00e9. Le grain rouge, la couleur vive et le parfum incomparable le rendent parfait pour enrichir des planches \u00e0 d\u00e9couper, ap\u00e9ritifs rustiques ou simplement \u00e0 d\u00e9guster avec du bon pain. Un salami qui raconte des histoires de terroir, de passion et de saveurs authentiques.\" \/>\n<meta property=\"og:url\" content=\"https:\/\/imacellotti.it\/fr\/produit\/salame-ventricina\/\" \/>\n<meta property=\"og:site_name\" content=\"I Macellotti\" \/>\n<meta property=\"article:modified_time\" content=\"2025-09-25T22:17:32+00:00\" \/>\n<meta property=\"og:image\" content=\"https:\/\/imacellotti.it\/wp-content\/uploads\/2025\/07\/ventricina-2.jpg\" \/>\n\t<meta property=\"og:image:width\" content=\"1080\" \/>\n\t<meta property=\"og:image:height\" content=\"1080\" \/>\n\t<meta property=\"og:image:type\" content=\"image\/jpeg\" \/>\n<meta name=\"twitter:card\" content=\"summary_large_image\" \/>\n<script type=\"application\/ld+json\" class=\"yoast-schema-graph\">{\"@context\":\"https:\/\/schema.org\",\"@graph\":[{\"@type\":\"WebPage\",\"@id\":\"https:\/\/imacellotti.it\/fr\/produit\/salame-ventricina\/\",\"url\":\"https:\/\/imacellotti.it\/fr\/produit\/salame-ventricina\/\",\"name\":\"SALAME VENTRICINA - I Macellotti\",\"isPartOf\":{\"@id\":\"https:\/\/imacellotti.it\/#website\"},\"primaryImageOfPage\":{\"@id\":\"https:\/\/imacellotti.it\/fr\/produit\/salame-ventricina\/#primaryimage\"},\"image\":{\"@id\":\"https:\/\/imacellotti.it\/fr\/produit\/salame-ventricina\/#primaryimage\"},\"thumbnailUrl\":\"https:\/\/imacellotti.it\/wp-content\/uploads\/2025\/07\/ventricina-2.jpg\",\"datePublished\":\"2025-07-02T09:54:56+00:00\",\"dateModified\":\"2025-09-25T22:17:32+00:00\",\"breadcrumb\":{\"@id\":\"https:\/\/imacellotti.it\/fr\/produit\/salame-ventricina\/#breadcrumb\"},\"inLanguage\":\"fr-FR\",\"potentialAction\":[{\"@type\":\"ReadAction\",\"target\":[\"https:\/\/imacellotti.it\/fr\/produit\/salame-ventricina\/\"]}]},{\"@type\":\"ImageObject\",\"inLanguage\":\"fr-FR\",\"@id\":\"https:\/\/imacellotti.it\/fr\/produit\/salame-ventricina\/#primaryimage\",\"url\":\"https:\/\/imacellotti.it\/wp-content\/uploads\/2025\/07\/ventricina-2.jpg\",\"contentUrl\":\"https:\/\/imacellotti.it\/wp-content\/uploads\/2025\/07\/ventricina-2.jpg\",\"width\":1080,\"height\":1080},{\"@type\":\"BreadcrumbList\",\"@id\":\"https:\/\/imacellotti.it\/fr\/produit\/salame-ventricina\/#breadcrumb\",\"itemListElement\":[{\"@type\":\"ListItem\",\"position\":1,\"name\":\"Home\",\"item\":\"https:\/\/imacellotti.it\/\"},{\"@type\":\"ListItem\",\"position\":2,\"name\":\"Boutique\",\"item\":\"https:\/\/imacellotti.it\/fr\/boutique\/\"},{\"@type\":\"ListItem\",\"position\":3,\"name\":\"SALAME VENTRICINA\"}]},{\"@type\":\"WebSite\",\"@id\":\"https:\/\/imacellotti.it\/#website\",\"url\":\"https:\/\/imacellotti.it\/\",\"name\":\"I Macellotti\",\"description\":\"Vente de produits alimentaires\",\"publisher\":{\"@id\":\"https:\/\/imacellotti.it\/#organization\"},\"potentialAction\":[{\"@type\":\"SearchAction\",\"target\":{\"@type\":\"EntryPoint\",\"urlTemplate\":\"https:\/\/imacellotti.it\/?s={search_term_string}\"},\"query-input\":{\"@type\":\"PropertyValueSpecification\",\"valueRequired\":true,\"valueName\":\"search_term_string\"}}],\"inLanguage\":\"fr-FR\"},{\"@type\":\"Organization\",\"@id\":\"https:\/\/imacellotti.it\/#organization\",\"name\":\"I Macellotti\",\"url\":\"https:\/\/imacellotti.it\/\",\"logo\":{\"@type\":\"ImageObject\",\"inLanguage\":\"fr-FR\",\"@id\":\"https:\/\/imacellotti.it\/#\/schema\/logo\/image\/\",\"url\":\"https:\/\/imacellotti.it\/wp-content\/uploads\/2025\/07\/LOGO_ITA_SF_I_MACELLOTTI_SCRITTA_IN-marrone-scaled.png\",\"contentUrl\":\"https:\/\/imacellotti.it\/wp-content\/uploads\/2025\/07\/LOGO_ITA_SF_I_MACELLOTTI_SCRITTA_IN-marrone-scaled.png\",\"width\":2560,\"height\":2560,\"caption\":\"I Macellotti\"},\"image\":{\"@id\":\"https:\/\/imacellotti.it\/#\/schema\/logo\/image\/\"}}]}<\/script>\n<!-- \/ Yoast SEO plugin. -->","yoast_head_json":{"title":"SALAME VENTRICINA - I Macellotti","robots":{"index":"index","follow":"follow","max-snippet":"max-snippet:-1","max-image-preview":"max-image-preview:large","max-video-preview":"max-video-preview:-1"},"canonical":"https:\/\/imacellotti.it\/fr\/produit\/salame-ventricina\/","og_locale":"fr_FR","og_type":"article","og_title":"SALAME VENTRICINA - I Macellotti","og_description":"La Ventricina est l\u2019une des charcuteries les plus typiques et les plus appr\u00e9ci\u00e9es du centre-sud de l\u2019Italie. R\u00e9alis\u00e9e avec des viandes porcines s\u00e9lectionn\u00e9es et d\u2019un m\u00e9lange d\u2019\u00e9pices, de piment et d\u2019ar\u00f4mes naturels se distingue par son go\u00fbt Je veux dire et l\u00e9g\u00e8rement \u00e9pic\u00e9. Le grain rouge, la couleur vive et le parfum incomparable le rendent parfait pour enrichir des planches \u00e0 d\u00e9couper, ap\u00e9ritifs rustiques ou simplement \u00e0 d\u00e9guster avec du bon pain. Un salami qui raconte des histoires de terroir, de passion et de saveurs authentiques.","og_url":"https:\/\/imacellotti.it\/fr\/produit\/salame-ventricina\/","og_site_name":"I Macellotti","article_modified_time":"2025-09-25T22:17:32+00:00","og_image":[{"width":1080,"height":1080,"url":"https:\/\/imacellotti.it\/wp-content\/uploads\/2025\/07\/ventricina-2.jpg","type":"image\/jpeg"}],"twitter_card":"summary_large_image","schema":{"@context":"https:\/\/schema.org","@graph":[{"@type":"WebPage","@id":"https:\/\/imacellotti.it\/fr\/produit\/salame-ventricina\/","url":"https:\/\/imacellotti.it\/fr\/produit\/salame-ventricina\/","name":"SALAME VENTRICINA - I Macellotti","isPartOf":{"@id":"https:\/\/imacellotti.it\/#website"},"primaryImageOfPage":{"@id":"https:\/\/imacellotti.it\/fr\/produit\/salame-ventricina\/#primaryimage"},"image":{"@id":"https:\/\/imacellotti.it\/fr\/produit\/salame-ventricina\/#primaryimage"},"thumbnailUrl":"https:\/\/imacellotti.it\/wp-content\/uploads\/2025\/07\/ventricina-2.jpg","datePublished":"2025-07-02T09:54:56+00:00","dateModified":"2025-09-25T22:17:32+00:00","breadcrumb":{"@id":"https:\/\/imacellotti.it\/fr\/produit\/salame-ventricina\/#breadcrumb"},"inLanguage":"fr-FR","potentialAction":[{"@type":"ReadAction","target":["https:\/\/imacellotti.it\/fr\/produit\/salame-ventricina\/"]}]},{"@type":"ImageObject","inLanguage":"fr-FR","@id":"https:\/\/imacellotti.it\/fr\/produit\/salame-ventricina\/#primaryimage","url":"https:\/\/imacellotti.it\/wp-content\/uploads\/2025\/07\/ventricina-2.jpg","contentUrl":"https:\/\/imacellotti.it\/wp-content\/uploads\/2025\/07\/ventricina-2.jpg","width":1080,"height":1080},{"@type":"BreadcrumbList","@id":"https:\/\/imacellotti.it\/fr\/produit\/salame-ventricina\/#breadcrumb","itemListElement":[{"@type":"ListItem","position":1,"name":"Home","item":"https:\/\/imacellotti.it\/"},{"@type":"ListItem","position":2,"name":"Boutique","item":"https:\/\/imacellotti.it\/fr\/boutique\/"},{"@type":"ListItem","position":3,"name":"SALAME VENTRICINA"}]},{"@type":"WebSite","@id":"https:\/\/imacellotti.it\/#website","url":"https:\/\/imacellotti.it\/","name":"I Macellotti","description":"Vente de produits alimentaires","publisher":{"@id":"https:\/\/imacellotti.it\/#organization"},"potentialAction":[{"@type":"SearchAction","target":{"@type":"EntryPoint","urlTemplate":"https:\/\/imacellotti.it\/?s={search_term_string}"},"query-input":{"@type":"PropertyValueSpecification","valueRequired":true,"valueName":"search_term_string"}}],"inLanguage":"fr-FR"},{"@type":"Organization","@id":"https:\/\/imacellotti.it\/#organization","name":"I Macellotti","url":"https:\/\/imacellotti.it\/","logo":{"@type":"ImageObject","inLanguage":"fr-FR","@id":"https:\/\/imacellotti.it\/#\/schema\/logo\/image\/","url":"https:\/\/imacellotti.it\/wp-content\/uploads\/2025\/07\/LOGO_ITA_SF_I_MACELLOTTI_SCRITTA_IN-marrone-scaled.png","contentUrl":"https:\/\/imacellotti.it\/wp-content\/uploads\/2025\/07\/LOGO_ITA_SF_I_MACELLOTTI_SCRITTA_IN-marrone-scaled.png","width":2560,"height":2560,"caption":"I Macellotti"},"image":{"@id":"https:\/\/imacellotti.it\/#\/schema\/logo\/image\/"}}]}},"_links":{"self":[{"href":"https:\/\/imacellotti.it\/fr\/wp-json\/wp\/v2\/product\/1879","targetHints":{"allow":["GET"]}}],"collection":[{"href":"https:\/\/imacellotti.it\/fr\/wp-json\/wp\/v2\/product"}],"about":[{"href":"https:\/\/imacellotti.it\/fr\/wp-json\/wp\/v2\/types\/product"}],"replies":[{"embeddable":true,"href":"https:\/\/imacellotti.it\/fr\/wp-json\/wp\/v2\/comments?post=1879"}],"wp:featuredmedia":[{"embeddable":true,"href":"https:\/\/imacellotti.it\/fr\/wp-json\/wp\/v2\/media\/1426"}],"wp:attachment":[{"href":"https:\/\/imacellotti.it\/fr\/wp-json\/wp\/v2\/media?parent=1879"}],"wp:term":[{"taxonomy":"product_brand","embeddable":true,"href":"https:\/\/imacellotti.it\/fr\/wp-json\/wp\/v2\/product_brand?post=1879"},{"taxonomy":"product_cat","embeddable":true,"href":"https:\/\/imacellotti.it\/fr\/wp-json\/wp\/v2\/product_cat?post=1879"},{"taxonomy":"product_tag","embeddable":true,"href":"https:\/\/imacellotti.it\/fr\/wp-json\/wp\/v2\/product_tag?post=1879"}],"curies":[{"name":"wp","href":"https:\/\/api.w.org\/{rel}","templated":true}]}}

<p>La Ventricina est l’une des charcuteries les plus typiques et les plus appréciées du centre-sud de l’Italie.<br />
Réalisée avec des viandes porcines sélectionnées et<br />
d’un mélange d’épices, de piment et d’arômes naturels<br />
se distingue par son goût Je veux dire et légèrement épicé.<br />
Le grain rouge, la couleur vive et le parfum incomparable<br />
le rendent parfait pour enrichir<br />
des planches à découper, apéritifs rustiques ou simplement<br />
à déguster avec du bon pain.<br />
Un salami qui raconte des histoires de terroir, de passion<br />
et de saveurs authentiques.</p>

<!-- This site is optimized with the Yoast SEO plugin v26.0 - https://yoast.com/wordpress/plugins/seo/ -->
<title>SALAME VENTRICINA - I Macellotti</title>
<meta name="robots" content="index, follow, max-snippet:-1, max-image-preview:large, max-video-preview:-1" />
<link rel="canonical" href="https://imacellotti.it/fr/produit/salame-ventricina/" />
<meta property="og:locale" content="fr_FR" />
<meta property="og:type" content="article" />
<meta property="og:title" content="SALAME VENTRICINA - I Macellotti" />
<meta property="og:description" content="La Ventricina est l’une des charcuteries les plus typiques et les plus appréciées du centre-sud de l’Italie. Réalisée avec des viandes porcines sélectionnées et d’un mélange d’épices, de piment et d’arômes naturels se distingue par son goût Je veux dire et légèrement épicé. Le grain rouge, la couleur vive et le parfum incomparable le rendent parfait pour enrichir des planches à découper, apéritifs rustiques ou simplement à déguster avec du bon pain. Un salami qui raconte des histoires de terroir, de passion et de saveurs authentiques." />
<meta property="og:url" content="https://imacellotti.it/fr/produit/salame-ventricina/" />
<meta property="og:site_name" content="I Macellotti" />
<meta property="article:modified_time" content="2025-09-25T22:17:32+00:00" />
<meta property="og:image" content="https://imacellotti.it/wp-content/uploads/2025/07/ventricina-2.jpg" />
	<meta property="og:image:width" content="1080" />
	<meta property="og:image:height" content="1080" />
	<meta property="og:image:type" content="image/jpeg" />
<meta name="twitter:card" content="summary_large_image" />
<script type="application/ld+json" class="yoast-schema-graph">{"@context":"https://schema.org","@graph":[{"@type":"WebPage","@id":"https://imacellotti.it/fr/produit/salame-ventricina/","url":"https://imacellotti.it/fr/produit/salame-ventricina/","name":"SALAME VENTRICINA - I Macellotti","isPartOf":{"@id":"https://imacellotti.it/#website"},"primaryImageOfPage":{"@id":"https://imacellotti.it/fr/produit/salame-ventricina/#primaryimage"},"image":{"@id":"https://imacellotti.it/fr/produit/salame-ventricina/#primaryimage"},"thumbnailUrl":"https://imacellotti.it/wp-content/uploads/2025/07/ventricina-2.jpg","datePublished":"2025-07-02T09:54:56+00:00","dateModified":"2025-09-25T22:17:32+00:00","breadcrumb":{"@id":"https://imacellotti.it/fr/produit/salame-ventricina/#breadcrumb"},"inLanguage":"fr-FR","potentialAction":[{"@type":"ReadAction","target":["https://imacellotti.it/fr/produit/salame-ventricina/"]}]},{"@type":"ImageObject","inLanguage":"fr-FR","@id":"https://imacellotti.it/fr/produit/salame-ventricina/#primaryimage","url":"https://imacellotti.it/wp-content/uploads/2025/07/ventricina-2.jpg","contentUrl":"https://imacellotti.it/wp-content/uploads/2025/07/ventricina-2.jpg","width":1080,"height":1080},{"@type":"BreadcrumbList","@id":"https://imacellotti.it/fr/produit/salame-ventricina/#breadcrumb","itemListElement":[{"@type":"ListItem","position":1,"name":"Home","item":"https://imacellotti.it/"},{"@type":"ListItem","position":2,"name":"Boutique","item":"https://imacellotti.it/fr/boutique/"},{"@type":"ListItem","position":3,"name":"SALAME VENTRICINA"}]},{"@type":"WebSite","@id":"https://imacellotti.it/#website","url":"https://imacellotti.it/","name":"I Macellotti","description":"Vente de produits alimentaires","publisher":{"@id":"https://imacellotti.it/#organization"},"potentialAction":[{"@type":"SearchAction","target":{"@type":"EntryPoint","urlTemplate":"https://imacellotti.it/?s={search_term_string}"},"query-input":{"@type":"PropertyValueSpecification","valueRequired":true,"valueName":"search_term_string"}}],"inLanguage":"fr-FR"},{"@type":"Organization","@id":"https://imacellotti.it/#organization","name":"I Macellotti","url":"https://imacellotti.it/","logo":{"@type":"ImageObject","inLanguage":"fr-FR","@id":"https://imacellotti.it/#/schema/logo/image/","url":"https://imacellotti.it/wp-content/uploads/2025/07/LOGO_ITA_SF_I_MACELLOTTI_SCRITTA_IN-marrone-scaled.png","contentUrl":"https://imacellotti.it/wp-content/uploads/2025/07/LOGO_ITA_SF_I_MACELLOTTI_SCRITTA_IN-marrone-scaled.png","width":2560,"height":2560,"caption":"I Macellotti"},"image":{"@id":"https://imacellotti.it/#/schema/logo/image/"}}]}</script>
<!-- / Yoast SEO plugin. -->

La Ventricina est l’une des charcuteries les plus typiques et les plus appréciées du centre-sud de l’Italie. Réalisée avec des viandes porcines sélectionnées et d’un mélange d’épices, de piment et d’arômes naturels se distingue par son goût Je veux dire et légèrement épicé. Le grain rouge, la couleur vive et le parfum incomparable le rendent parfait pour enrichir des planches à découper, apéritifs rustiques ou simplement à déguster avec du bon pain. Un salami qui raconte des histoires de terroir, de passion et de saveurs authentiques.
