{"id":1881,"date":"2025-07-02T11:54:09","date_gmt":"2025-07-02T09:54:09","guid":{"rendered":"https:\/\/imacellotti.it\/prodotto\/salame-ventricina-classica\/"},"modified":"2025-09-26T00:25:23","modified_gmt":"2025-09-25T22:25:23","slug":"salame-ventricina-classica","status":"publish","type":"product","link":"https:\/\/imacellotti.it\/fr\/produit\/salame-ventricina-classica\/","title":{"rendered":"SALAME VENTRICINA CLASSICA"},"content":{"rendered":"","protected":false},"excerpt":{"rendered":"<p class=\"p1\">La Ventricina Classica est une charcuterie typique<br \/>\nau go\u00fbt intense et \u00e9pic\u00e9.<br \/>\nPr\u00e9par\u00e9 avec de la viande maigre de porc est assaisonn\u00e9<br \/>\navec du piment doux et \u00e9pic\u00e9, de l\u2019ail et des \u00e9pices naturelles.<br \/>\nSa couleur rouge vif et sa texture rustique<br \/>\nla rendent parfaite pour ceux qui aiment<br \/>\nles saveurs fortes et authentiques.<br \/>\nExcellent \u00e0 d\u00e9guster sur le pain chaud et en entr\u00e9e.<br \/>\nSa saveur est vive et forte.<\/p>\n","protected":false},"featured_media":1390,"comment_status":"open","ping_status":"closed","template":"","meta":[],"product_brand":[],"product_cat":[260],"product_tag":[],"class_list":["post-1881","product","type-product","status-publish","has-post-thumbnail","product_cat-divers-salamis-fr","first","instock","shipping-taxable","product-type-simple"],"yoast_head":"<!-- This site is optimized with the Yoast SEO plugin v26.0 - https:\/\/yoast.com\/wordpress\/plugins\/seo\/ -->\n<title>SALAME VENTRICINA CLASSICA - I Macellotti<\/title>\n<meta name=\"robots\" content=\"index, follow, max-snippet:-1, max-image-preview:large, max-video-preview:-1\" \/>\n<link rel=\"canonical\" href=\"https:\/\/imacellotti.it\/fr\/produit\/salame-ventricina-classica\/\" \/>\n<meta property=\"og:locale\" content=\"fr_FR\" \/>\n<meta property=\"og:type\" content=\"article\" \/>\n<meta property=\"og:title\" content=\"SALAME VENTRICINA CLASSICA - I Macellotti\" \/>\n<meta property=\"og:description\" content=\"La Ventricina Classica est une charcuterie typique au go\u00fbt intense et \u00e9pic\u00e9. Pr\u00e9par\u00e9 avec de la viande maigre de porc est assaisonn\u00e9 avec du piment doux et \u00e9pic\u00e9, de l\u2019ail et des \u00e9pices naturelles. Sa couleur rouge vif et sa texture rustique la rendent parfaite pour ceux qui aiment les saveurs fortes et authentiques. Excellent \u00e0 d\u00e9guster sur le pain chaud et en entr\u00e9e. Sa saveur est vive et forte.\" \/>\n<meta property=\"og:url\" content=\"https:\/\/imacellotti.it\/fr\/produit\/salame-ventricina-classica\/\" \/>\n<meta property=\"og:site_name\" content=\"I Macellotti\" \/>\n<meta property=\"article:modified_time\" content=\"2025-09-25T22:25:23+00:00\" \/>\n<meta property=\"og:image\" content=\"https:\/\/imacellotti.it\/wp-content\/uploads\/2025\/07\/Ventricina-classica-3.jpg\" \/>\n\t<meta property=\"og:image:width\" content=\"1080\" \/>\n\t<meta property=\"og:image:height\" content=\"1080\" \/>\n\t<meta property=\"og:image:type\" content=\"image\/jpeg\" \/>\n<meta name=\"twitter:card\" content=\"summary_large_image\" \/>\n<script type=\"application\/ld+json\" class=\"yoast-schema-graph\">{\"@context\":\"https:\/\/schema.org\",\"@graph\":[{\"@type\":\"WebPage\",\"@id\":\"https:\/\/imacellotti.it\/fr\/produit\/salame-ventricina-classica\/\",\"url\":\"https:\/\/imacellotti.it\/fr\/produit\/salame-ventricina-classica\/\",\"name\":\"SALAME VENTRICINA CLASSICA - I Macellotti\",\"isPartOf\":{\"@id\":\"https:\/\/imacellotti.it\/#website\"},\"primaryImageOfPage\":{\"@id\":\"https:\/\/imacellotti.it\/fr\/produit\/salame-ventricina-classica\/#primaryimage\"},\"image\":{\"@id\":\"https:\/\/imacellotti.it\/fr\/produit\/salame-ventricina-classica\/#primaryimage\"},\"thumbnailUrl\":\"https:\/\/imacellotti.it\/wp-content\/uploads\/2025\/07\/Ventricina-classica-3.jpg\",\"datePublished\":\"2025-07-02T09:54:09+00:00\",\"dateModified\":\"2025-09-25T22:25:23+00:00\",\"breadcrumb\":{\"@id\":\"https:\/\/imacellotti.it\/fr\/produit\/salame-ventricina-classica\/#breadcrumb\"},\"inLanguage\":\"fr-FR\",\"potentialAction\":[{\"@type\":\"ReadAction\",\"target\":[\"https:\/\/imacellotti.it\/fr\/produit\/salame-ventricina-classica\/\"]}]},{\"@type\":\"ImageObject\",\"inLanguage\":\"fr-FR\",\"@id\":\"https:\/\/imacellotti.it\/fr\/produit\/salame-ventricina-classica\/#primaryimage\",\"url\":\"https:\/\/imacellotti.it\/wp-content\/uploads\/2025\/07\/Ventricina-classica-3.jpg\",\"contentUrl\":\"https:\/\/imacellotti.it\/wp-content\/uploads\/2025\/07\/Ventricina-classica-3.jpg\",\"width\":1080,\"height\":1080},{\"@type\":\"BreadcrumbList\",\"@id\":\"https:\/\/imacellotti.it\/fr\/produit\/salame-ventricina-classica\/#breadcrumb\",\"itemListElement\":[{\"@type\":\"ListItem\",\"position\":1,\"name\":\"Home\",\"item\":\"https:\/\/imacellotti.it\/\"},{\"@type\":\"ListItem\",\"position\":2,\"name\":\"Boutique\",\"item\":\"https:\/\/imacellotti.it\/fr\/boutique\/\"},{\"@type\":\"ListItem\",\"position\":3,\"name\":\"SALAME VENTRICINA CLASSICA\"}]},{\"@type\":\"WebSite\",\"@id\":\"https:\/\/imacellotti.it\/#website\",\"url\":\"https:\/\/imacellotti.it\/\",\"name\":\"I Macellotti\",\"description\":\"Vente de produits alimentaires\",\"publisher\":{\"@id\":\"https:\/\/imacellotti.it\/#organization\"},\"potentialAction\":[{\"@type\":\"SearchAction\",\"target\":{\"@type\":\"EntryPoint\",\"urlTemplate\":\"https:\/\/imacellotti.it\/?s={search_term_string}\"},\"query-input\":{\"@type\":\"PropertyValueSpecification\",\"valueRequired\":true,\"valueName\":\"search_term_string\"}}],\"inLanguage\":\"fr-FR\"},{\"@type\":\"Organization\",\"@id\":\"https:\/\/imacellotti.it\/#organization\",\"name\":\"I Macellotti\",\"url\":\"https:\/\/imacellotti.it\/\",\"logo\":{\"@type\":\"ImageObject\",\"inLanguage\":\"fr-FR\",\"@id\":\"https:\/\/imacellotti.it\/#\/schema\/logo\/image\/\",\"url\":\"https:\/\/imacellotti.it\/wp-content\/uploads\/2025\/07\/LOGO_ITA_SF_I_MACELLOTTI_SCRITTA_IN-marrone-scaled.png\",\"contentUrl\":\"https:\/\/imacellotti.it\/wp-content\/uploads\/2025\/07\/LOGO_ITA_SF_I_MACELLOTTI_SCRITTA_IN-marrone-scaled.png\",\"width\":2560,\"height\":2560,\"caption\":\"I Macellotti\"},\"image\":{\"@id\":\"https:\/\/imacellotti.it\/#\/schema\/logo\/image\/\"}}]}<\/script>\n<!-- \/ Yoast SEO plugin. -->","yoast_head_json":{"title":"SALAME VENTRICINA CLASSICA - I Macellotti","robots":{"index":"index","follow":"follow","max-snippet":"max-snippet:-1","max-image-preview":"max-image-preview:large","max-video-preview":"max-video-preview:-1"},"canonical":"https:\/\/imacellotti.it\/fr\/produit\/salame-ventricina-classica\/","og_locale":"fr_FR","og_type":"article","og_title":"SALAME VENTRICINA CLASSICA - I Macellotti","og_description":"La Ventricina Classica est une charcuterie typique au go\u00fbt intense et \u00e9pic\u00e9. Pr\u00e9par\u00e9 avec de la viande maigre de porc est assaisonn\u00e9 avec du piment doux et \u00e9pic\u00e9, de l\u2019ail et des \u00e9pices naturelles. Sa couleur rouge vif et sa texture rustique la rendent parfaite pour ceux qui aiment les saveurs fortes et authentiques. Excellent \u00e0 d\u00e9guster sur le pain chaud et en entr\u00e9e. Sa saveur est vive et forte.","og_url":"https:\/\/imacellotti.it\/fr\/produit\/salame-ventricina-classica\/","og_site_name":"I Macellotti","article_modified_time":"2025-09-25T22:25:23+00:00","og_image":[{"width":1080,"height":1080,"url":"https:\/\/imacellotti.it\/wp-content\/uploads\/2025\/07\/Ventricina-classica-3.jpg","type":"image\/jpeg"}],"twitter_card":"summary_large_image","schema":{"@context":"https:\/\/schema.org","@graph":[{"@type":"WebPage","@id":"https:\/\/imacellotti.it\/fr\/produit\/salame-ventricina-classica\/","url":"https:\/\/imacellotti.it\/fr\/produit\/salame-ventricina-classica\/","name":"SALAME VENTRICINA CLASSICA - I Macellotti","isPartOf":{"@id":"https:\/\/imacellotti.it\/#website"},"primaryImageOfPage":{"@id":"https:\/\/imacellotti.it\/fr\/produit\/salame-ventricina-classica\/#primaryimage"},"image":{"@id":"https:\/\/imacellotti.it\/fr\/produit\/salame-ventricina-classica\/#primaryimage"},"thumbnailUrl":"https:\/\/imacellotti.it\/wp-content\/uploads\/2025\/07\/Ventricina-classica-3.jpg","datePublished":"2025-07-02T09:54:09+00:00","dateModified":"2025-09-25T22:25:23+00:00","breadcrumb":{"@id":"https:\/\/imacellotti.it\/fr\/produit\/salame-ventricina-classica\/#breadcrumb"},"inLanguage":"fr-FR","potentialAction":[{"@type":"ReadAction","target":["https:\/\/imacellotti.it\/fr\/produit\/salame-ventricina-classica\/"]}]},{"@type":"ImageObject","inLanguage":"fr-FR","@id":"https:\/\/imacellotti.it\/fr\/produit\/salame-ventricina-classica\/#primaryimage","url":"https:\/\/imacellotti.it\/wp-content\/uploads\/2025\/07\/Ventricina-classica-3.jpg","contentUrl":"https:\/\/imacellotti.it\/wp-content\/uploads\/2025\/07\/Ventricina-classica-3.jpg","width":1080,"height":1080},{"@type":"BreadcrumbList","@id":"https:\/\/imacellotti.it\/fr\/produit\/salame-ventricina-classica\/#breadcrumb","itemListElement":[{"@type":"ListItem","position":1,"name":"Home","item":"https:\/\/imacellotti.it\/"},{"@type":"ListItem","position":2,"name":"Boutique","item":"https:\/\/imacellotti.it\/fr\/boutique\/"},{"@type":"ListItem","position":3,"name":"SALAME VENTRICINA CLASSICA"}]},{"@type":"WebSite","@id":"https:\/\/imacellotti.it\/#website","url":"https:\/\/imacellotti.it\/","name":"I Macellotti","description":"Vente de produits alimentaires","publisher":{"@id":"https:\/\/imacellotti.it\/#organization"},"potentialAction":[{"@type":"SearchAction","target":{"@type":"EntryPoint","urlTemplate":"https:\/\/imacellotti.it\/?s={search_term_string}"},"query-input":{"@type":"PropertyValueSpecification","valueRequired":true,"valueName":"search_term_string"}}],"inLanguage":"fr-FR"},{"@type":"Organization","@id":"https:\/\/imacellotti.it\/#organization","name":"I Macellotti","url":"https:\/\/imacellotti.it\/","logo":{"@type":"ImageObject","inLanguage":"fr-FR","@id":"https:\/\/imacellotti.it\/#\/schema\/logo\/image\/","url":"https:\/\/imacellotti.it\/wp-content\/uploads\/2025\/07\/LOGO_ITA_SF_I_MACELLOTTI_SCRITTA_IN-marrone-scaled.png","contentUrl":"https:\/\/imacellotti.it\/wp-content\/uploads\/2025\/07\/LOGO_ITA_SF_I_MACELLOTTI_SCRITTA_IN-marrone-scaled.png","width":2560,"height":2560,"caption":"I Macellotti"},"image":{"@id":"https:\/\/imacellotti.it\/#\/schema\/logo\/image\/"}}]}},"_links":{"self":[{"href":"https:\/\/imacellotti.it\/fr\/wp-json\/wp\/v2\/product\/1881","targetHints":{"allow":["GET"]}}],"collection":[{"href":"https:\/\/imacellotti.it\/fr\/wp-json\/wp\/v2\/product"}],"about":[{"href":"https:\/\/imacellotti.it\/fr\/wp-json\/wp\/v2\/types\/product"}],"replies":[{"embeddable":true,"href":"https:\/\/imacellotti.it\/fr\/wp-json\/wp\/v2\/comments?post=1881"}],"wp:featuredmedia":[{"embeddable":true,"href":"https:\/\/imacellotti.it\/fr\/wp-json\/wp\/v2\/media\/1390"}],"wp:attachment":[{"href":"https:\/\/imacellotti.it\/fr\/wp-json\/wp\/v2\/media?parent=1881"}],"wp:term":[{"taxonomy":"product_brand","embeddable":true,"href":"https:\/\/imacellotti.it\/fr\/wp-json\/wp\/v2\/product_brand?post=1881"},{"taxonomy":"product_cat","embeddable":true,"href":"https:\/\/imacellotti.it\/fr\/wp-json\/wp\/v2\/product_cat?post=1881"},{"taxonomy":"product_tag","embeddable":true,"href":"https:\/\/imacellotti.it\/fr\/wp-json\/wp\/v2\/product_tag?post=1881"}],"curies":[{"name":"wp","href":"https:\/\/api.w.org\/{rel}","templated":true}]}}

<p class="p1">La Ventricina Classica est une charcuterie typique<br />
au goût intense et épicé.<br />
Préparé avec de la viande maigre de porc est assaisonné<br />
avec du piment doux et épicé, de l’ail et des épices naturelles.<br />
Sa couleur rouge vif et sa texture rustique<br />
la rendent parfaite pour ceux qui aiment<br />
les saveurs fortes et authentiques.<br />
Excellent à déguster sur le pain chaud et en entrée.<br />
Sa saveur est vive et forte.</p>

<!-- This site is optimized with the Yoast SEO plugin v26.0 - https://yoast.com/wordpress/plugins/seo/ -->
<title>SALAME VENTRICINA CLASSICA - I Macellotti</title>
<meta name="robots" content="index, follow, max-snippet:-1, max-image-preview:large, max-video-preview:-1" />
<link rel="canonical" href="https://imacellotti.it/fr/produit/salame-ventricina-classica/" />
<meta property="og:locale" content="fr_FR" />
<meta property="og:type" content="article" />
<meta property="og:title" content="SALAME VENTRICINA CLASSICA - I Macellotti" />
<meta property="og:description" content="La Ventricina Classica est une charcuterie typique au goût intense et épicé. Préparé avec de la viande maigre de porc est assaisonné avec du piment doux et épicé, de l’ail et des épices naturelles. Sa couleur rouge vif et sa texture rustique la rendent parfaite pour ceux qui aiment les saveurs fortes et authentiques. Excellent à déguster sur le pain chaud et en entrée. Sa saveur est vive et forte." />
<meta property="og:url" content="https://imacellotti.it/fr/produit/salame-ventricina-classica/" />
<meta property="og:site_name" content="I Macellotti" />
<meta property="article:modified_time" content="2025-09-25T22:25:23+00:00" />
<meta property="og:image" content="https://imacellotti.it/wp-content/uploads/2025/07/Ventricina-classica-3.jpg" />
	<meta property="og:image:width" content="1080" />
	<meta property="og:image:height" content="1080" />
	<meta property="og:image:type" content="image/jpeg" />
<meta name="twitter:card" content="summary_large_image" />
<script type="application/ld+json" class="yoast-schema-graph">{"@context":"https://schema.org","@graph":[{"@type":"WebPage","@id":"https://imacellotti.it/fr/produit/salame-ventricina-classica/","url":"https://imacellotti.it/fr/produit/salame-ventricina-classica/","name":"SALAME VENTRICINA CLASSICA - I Macellotti","isPartOf":{"@id":"https://imacellotti.it/#website"},"primaryImageOfPage":{"@id":"https://imacellotti.it/fr/produit/salame-ventricina-classica/#primaryimage"},"image":{"@id":"https://imacellotti.it/fr/produit/salame-ventricina-classica/#primaryimage"},"thumbnailUrl":"https://imacellotti.it/wp-content/uploads/2025/07/Ventricina-classica-3.jpg","datePublished":"2025-07-02T09:54:09+00:00","dateModified":"2025-09-25T22:25:23+00:00","breadcrumb":{"@id":"https://imacellotti.it/fr/produit/salame-ventricina-classica/#breadcrumb"},"inLanguage":"fr-FR","potentialAction":[{"@type":"ReadAction","target":["https://imacellotti.it/fr/produit/salame-ventricina-classica/"]}]},{"@type":"ImageObject","inLanguage":"fr-FR","@id":"https://imacellotti.it/fr/produit/salame-ventricina-classica/#primaryimage","url":"https://imacellotti.it/wp-content/uploads/2025/07/Ventricina-classica-3.jpg","contentUrl":"https://imacellotti.it/wp-content/uploads/2025/07/Ventricina-classica-3.jpg","width":1080,"height":1080},{"@type":"BreadcrumbList","@id":"https://imacellotti.it/fr/produit/salame-ventricina-classica/#breadcrumb","itemListElement":[{"@type":"ListItem","position":1,"name":"Home","item":"https://imacellotti.it/"},{"@type":"ListItem","position":2,"name":"Boutique","item":"https://imacellotti.it/fr/boutique/"},{"@type":"ListItem","position":3,"name":"SALAME VENTRICINA CLASSICA"}]},{"@type":"WebSite","@id":"https://imacellotti.it/#website","url":"https://imacellotti.it/","name":"I Macellotti","description":"Vente de produits alimentaires","publisher":{"@id":"https://imacellotti.it/#organization"},"potentialAction":[{"@type":"SearchAction","target":{"@type":"EntryPoint","urlTemplate":"https://imacellotti.it/?s={search_term_string}"},"query-input":{"@type":"PropertyValueSpecification","valueRequired":true,"valueName":"search_term_string"}}],"inLanguage":"fr-FR"},{"@type":"Organization","@id":"https://imacellotti.it/#organization","name":"I Macellotti","url":"https://imacellotti.it/","logo":{"@type":"ImageObject","inLanguage":"fr-FR","@id":"https://imacellotti.it/#/schema/logo/image/","url":"https://imacellotti.it/wp-content/uploads/2025/07/LOGO_ITA_SF_I_MACELLOTTI_SCRITTA_IN-marrone-scaled.png","contentUrl":"https://imacellotti.it/wp-content/uploads/2025/07/LOGO_ITA_SF_I_MACELLOTTI_SCRITTA_IN-marrone-scaled.png","width":2560,"height":2560,"caption":"I Macellotti"},"image":{"@id":"https://imacellotti.it/#/schema/logo/image/"}}]}</script>
<!-- / Yoast SEO plugin. -->

La Ventricina Classica est une charcuterie typique au goût intense et épicé. Préparé avec de la viande maigre de porc est assaisonné avec du piment doux et épicé, de l’ail et des épices naturelles. Sa couleur rouge vif et sa texture rustique la rendent parfaite pour ceux qui aiment les saveurs fortes et authentiques. Excellent à déguster sur le pain chaud et en entrée. Sa saveur est vive et forte.
