{"id":1885,"date":"2025-07-02T11:44:12","date_gmt":"2025-07-02T09:44:12","guid":{"rendered":"https:\/\/imacellotti.it\/prodotto\/salame-milano\/"},"modified":"2025-09-26T00:32:43","modified_gmt":"2025-09-25T22:32:43","slug":"salame-milano","status":"publish","type":"product","link":"https:\/\/imacellotti.it\/fr\/produit\/salame-milano\/","title":{"rendered":"SALAME MILANO"},"content":{"rendered":"","protected":false},"excerpt":{"rendered":"<p class=\"p1\">Salame Milano est l\u2019une des charcuteries les plus<br \/>\nconnues et appr\u00e9ci\u00e9es d\u2019Italie.<br \/>\nCaract\u00e9ris\u00e9 par un grain fin, une couleur rouge vif et un go\u00fbt d\u00e9licat avec de l\u00e9g\u00e8res notes \u00e9pic\u00e9es, il est parfait pour les entr\u00e9es, les sandwichs<br \/>\net les planches \u00e0 d\u00e9couper.<br \/>\nIl est produit avec de la viande de porc de haute qualit\u00e9 et une maturation lente qui am\u00e9liore le go\u00fbt doux et raffin\u00e9.<\/p>\n","protected":false},"featured_media":1342,"comment_status":"open","ping_status":"closed","template":"","meta":[],"product_brand":[],"product_cat":[260],"product_tag":[],"class_list":["post-1885","product","type-product","status-publish","has-post-thumbnail","product_cat-divers-salamis-fr","first","instock","shipping-taxable","product-type-simple"],"yoast_head":"<!-- This site is optimized with the Yoast SEO plugin v26.0 - https:\/\/yoast.com\/wordpress\/plugins\/seo\/ -->\n<title>SALAME MILANO - I Macellotti<\/title>\n<meta name=\"robots\" content=\"index, follow, max-snippet:-1, max-image-preview:large, max-video-preview:-1\" \/>\n<link rel=\"canonical\" href=\"https:\/\/imacellotti.it\/fr\/produit\/salame-milano\/\" \/>\n<meta property=\"og:locale\" content=\"fr_FR\" \/>\n<meta property=\"og:type\" content=\"article\" \/>\n<meta property=\"og:title\" content=\"SALAME MILANO - I Macellotti\" \/>\n<meta property=\"og:description\" content=\"Salame Milano est l\u2019une des charcuteries les plus connues et appr\u00e9ci\u00e9es d\u2019Italie. Caract\u00e9ris\u00e9 par un grain fin, une couleur rouge vif et un go\u00fbt d\u00e9licat avec de l\u00e9g\u00e8res notes \u00e9pic\u00e9es, il est parfait pour les entr\u00e9es, les sandwichs et les planches \u00e0 d\u00e9couper. Il est produit avec de la viande de porc de haute qualit\u00e9 et une maturation lente qui am\u00e9liore le go\u00fbt doux et raffin\u00e9.\" \/>\n<meta property=\"og:url\" content=\"https:\/\/imacellotti.it\/fr\/produit\/salame-milano\/\" \/>\n<meta property=\"og:site_name\" content=\"I Macellotti\" \/>\n<meta property=\"article:modified_time\" content=\"2025-09-25T22:32:43+00:00\" \/>\n<meta property=\"og:image\" content=\"https:\/\/imacellotti.it\/wp-content\/uploads\/2025\/07\/Salame-Milano-1.jpg\" \/>\n\t<meta property=\"og:image:width\" content=\"1080\" \/>\n\t<meta property=\"og:image:height\" content=\"1080\" \/>\n\t<meta property=\"og:image:type\" content=\"image\/jpeg\" \/>\n<meta name=\"twitter:card\" content=\"summary_large_image\" \/>\n<script type=\"application\/ld+json\" class=\"yoast-schema-graph\">{\"@context\":\"https:\/\/schema.org\",\"@graph\":[{\"@type\":\"WebPage\",\"@id\":\"https:\/\/imacellotti.it\/fr\/produit\/salame-milano\/\",\"url\":\"https:\/\/imacellotti.it\/fr\/produit\/salame-milano\/\",\"name\":\"SALAME MILANO - I Macellotti\",\"isPartOf\":{\"@id\":\"https:\/\/imacellotti.it\/#website\"},\"primaryImageOfPage\":{\"@id\":\"https:\/\/imacellotti.it\/fr\/produit\/salame-milano\/#primaryimage\"},\"image\":{\"@id\":\"https:\/\/imacellotti.it\/fr\/produit\/salame-milano\/#primaryimage\"},\"thumbnailUrl\":\"https:\/\/imacellotti.it\/wp-content\/uploads\/2025\/07\/Salame-Milano-1.jpg\",\"datePublished\":\"2025-07-02T09:44:12+00:00\",\"dateModified\":\"2025-09-25T22:32:43+00:00\",\"breadcrumb\":{\"@id\":\"https:\/\/imacellotti.it\/fr\/produit\/salame-milano\/#breadcrumb\"},\"inLanguage\":\"fr-FR\",\"potentialAction\":[{\"@type\":\"ReadAction\",\"target\":[\"https:\/\/imacellotti.it\/fr\/produit\/salame-milano\/\"]}]},{\"@type\":\"ImageObject\",\"inLanguage\":\"fr-FR\",\"@id\":\"https:\/\/imacellotti.it\/fr\/produit\/salame-milano\/#primaryimage\",\"url\":\"https:\/\/imacellotti.it\/wp-content\/uploads\/2025\/07\/Salame-Milano-1.jpg\",\"contentUrl\":\"https:\/\/imacellotti.it\/wp-content\/uploads\/2025\/07\/Salame-Milano-1.jpg\",\"width\":1080,\"height\":1080},{\"@type\":\"BreadcrumbList\",\"@id\":\"https:\/\/imacellotti.it\/fr\/produit\/salame-milano\/#breadcrumb\",\"itemListElement\":[{\"@type\":\"ListItem\",\"position\":1,\"name\":\"Home\",\"item\":\"https:\/\/imacellotti.it\/\"},{\"@type\":\"ListItem\",\"position\":2,\"name\":\"Boutique\",\"item\":\"https:\/\/imacellotti.it\/fr\/boutique\/\"},{\"@type\":\"ListItem\",\"position\":3,\"name\":\"SALAME MILANO\"}]},{\"@type\":\"WebSite\",\"@id\":\"https:\/\/imacellotti.it\/#website\",\"url\":\"https:\/\/imacellotti.it\/\",\"name\":\"I Macellotti\",\"description\":\"Vente de produits alimentaires\",\"publisher\":{\"@id\":\"https:\/\/imacellotti.it\/#organization\"},\"potentialAction\":[{\"@type\":\"SearchAction\",\"target\":{\"@type\":\"EntryPoint\",\"urlTemplate\":\"https:\/\/imacellotti.it\/?s={search_term_string}\"},\"query-input\":{\"@type\":\"PropertyValueSpecification\",\"valueRequired\":true,\"valueName\":\"search_term_string\"}}],\"inLanguage\":\"fr-FR\"},{\"@type\":\"Organization\",\"@id\":\"https:\/\/imacellotti.it\/#organization\",\"name\":\"I Macellotti\",\"url\":\"https:\/\/imacellotti.it\/\",\"logo\":{\"@type\":\"ImageObject\",\"inLanguage\":\"fr-FR\",\"@id\":\"https:\/\/imacellotti.it\/#\/schema\/logo\/image\/\",\"url\":\"https:\/\/imacellotti.it\/wp-content\/uploads\/2025\/07\/LOGO_ITA_SF_I_MACELLOTTI_SCRITTA_IN-marrone-scaled.png\",\"contentUrl\":\"https:\/\/imacellotti.it\/wp-content\/uploads\/2025\/07\/LOGO_ITA_SF_I_MACELLOTTI_SCRITTA_IN-marrone-scaled.png\",\"width\":2560,\"height\":2560,\"caption\":\"I Macellotti\"},\"image\":{\"@id\":\"https:\/\/imacellotti.it\/#\/schema\/logo\/image\/\"}}]}<\/script>\n<!-- \/ Yoast SEO plugin. -->","yoast_head_json":{"title":"SALAME MILANO - I Macellotti","robots":{"index":"index","follow":"follow","max-snippet":"max-snippet:-1","max-image-preview":"max-image-preview:large","max-video-preview":"max-video-preview:-1"},"canonical":"https:\/\/imacellotti.it\/fr\/produit\/salame-milano\/","og_locale":"fr_FR","og_type":"article","og_title":"SALAME MILANO - I Macellotti","og_description":"Salame Milano est l\u2019une des charcuteries les plus connues et appr\u00e9ci\u00e9es d\u2019Italie. Caract\u00e9ris\u00e9 par un grain fin, une couleur rouge vif et un go\u00fbt d\u00e9licat avec de l\u00e9g\u00e8res notes \u00e9pic\u00e9es, il est parfait pour les entr\u00e9es, les sandwichs et les planches \u00e0 d\u00e9couper. Il est produit avec de la viande de porc de haute qualit\u00e9 et une maturation lente qui am\u00e9liore le go\u00fbt doux et raffin\u00e9.","og_url":"https:\/\/imacellotti.it\/fr\/produit\/salame-milano\/","og_site_name":"I Macellotti","article_modified_time":"2025-09-25T22:32:43+00:00","og_image":[{"width":1080,"height":1080,"url":"https:\/\/imacellotti.it\/wp-content\/uploads\/2025\/07\/Salame-Milano-1.jpg","type":"image\/jpeg"}],"twitter_card":"summary_large_image","schema":{"@context":"https:\/\/schema.org","@graph":[{"@type":"WebPage","@id":"https:\/\/imacellotti.it\/fr\/produit\/salame-milano\/","url":"https:\/\/imacellotti.it\/fr\/produit\/salame-milano\/","name":"SALAME MILANO - I Macellotti","isPartOf":{"@id":"https:\/\/imacellotti.it\/#website"},"primaryImageOfPage":{"@id":"https:\/\/imacellotti.it\/fr\/produit\/salame-milano\/#primaryimage"},"image":{"@id":"https:\/\/imacellotti.it\/fr\/produit\/salame-milano\/#primaryimage"},"thumbnailUrl":"https:\/\/imacellotti.it\/wp-content\/uploads\/2025\/07\/Salame-Milano-1.jpg","datePublished":"2025-07-02T09:44:12+00:00","dateModified":"2025-09-25T22:32:43+00:00","breadcrumb":{"@id":"https:\/\/imacellotti.it\/fr\/produit\/salame-milano\/#breadcrumb"},"inLanguage":"fr-FR","potentialAction":[{"@type":"ReadAction","target":["https:\/\/imacellotti.it\/fr\/produit\/salame-milano\/"]}]},{"@type":"ImageObject","inLanguage":"fr-FR","@id":"https:\/\/imacellotti.it\/fr\/produit\/salame-milano\/#primaryimage","url":"https:\/\/imacellotti.it\/wp-content\/uploads\/2025\/07\/Salame-Milano-1.jpg","contentUrl":"https:\/\/imacellotti.it\/wp-content\/uploads\/2025\/07\/Salame-Milano-1.jpg","width":1080,"height":1080},{"@type":"BreadcrumbList","@id":"https:\/\/imacellotti.it\/fr\/produit\/salame-milano\/#breadcrumb","itemListElement":[{"@type":"ListItem","position":1,"name":"Home","item":"https:\/\/imacellotti.it\/"},{"@type":"ListItem","position":2,"name":"Boutique","item":"https:\/\/imacellotti.it\/fr\/boutique\/"},{"@type":"ListItem","position":3,"name":"SALAME MILANO"}]},{"@type":"WebSite","@id":"https:\/\/imacellotti.it\/#website","url":"https:\/\/imacellotti.it\/","name":"I Macellotti","description":"Vente de produits alimentaires","publisher":{"@id":"https:\/\/imacellotti.it\/#organization"},"potentialAction":[{"@type":"SearchAction","target":{"@type":"EntryPoint","urlTemplate":"https:\/\/imacellotti.it\/?s={search_term_string}"},"query-input":{"@type":"PropertyValueSpecification","valueRequired":true,"valueName":"search_term_string"}}],"inLanguage":"fr-FR"},{"@type":"Organization","@id":"https:\/\/imacellotti.it\/#organization","name":"I Macellotti","url":"https:\/\/imacellotti.it\/","logo":{"@type":"ImageObject","inLanguage":"fr-FR","@id":"https:\/\/imacellotti.it\/#\/schema\/logo\/image\/","url":"https:\/\/imacellotti.it\/wp-content\/uploads\/2025\/07\/LOGO_ITA_SF_I_MACELLOTTI_SCRITTA_IN-marrone-scaled.png","contentUrl":"https:\/\/imacellotti.it\/wp-content\/uploads\/2025\/07\/LOGO_ITA_SF_I_MACELLOTTI_SCRITTA_IN-marrone-scaled.png","width":2560,"height":2560,"caption":"I Macellotti"},"image":{"@id":"https:\/\/imacellotti.it\/#\/schema\/logo\/image\/"}}]}},"_links":{"self":[{"href":"https:\/\/imacellotti.it\/fr\/wp-json\/wp\/v2\/product\/1885","targetHints":{"allow":["GET"]}}],"collection":[{"href":"https:\/\/imacellotti.it\/fr\/wp-json\/wp\/v2\/product"}],"about":[{"href":"https:\/\/imacellotti.it\/fr\/wp-json\/wp\/v2\/types\/product"}],"replies":[{"embeddable":true,"href":"https:\/\/imacellotti.it\/fr\/wp-json\/wp\/v2\/comments?post=1885"}],"wp:featuredmedia":[{"embeddable":true,"href":"https:\/\/imacellotti.it\/fr\/wp-json\/wp\/v2\/media\/1342"}],"wp:attachment":[{"href":"https:\/\/imacellotti.it\/fr\/wp-json\/wp\/v2\/media?parent=1885"}],"wp:term":[{"taxonomy":"product_brand","embeddable":true,"href":"https:\/\/imacellotti.it\/fr\/wp-json\/wp\/v2\/product_brand?post=1885"},{"taxonomy":"product_cat","embeddable":true,"href":"https:\/\/imacellotti.it\/fr\/wp-json\/wp\/v2\/product_cat?post=1885"},{"taxonomy":"product_tag","embeddable":true,"href":"https:\/\/imacellotti.it\/fr\/wp-json\/wp\/v2\/product_tag?post=1885"}],"curies":[{"name":"wp","href":"https:\/\/api.w.org\/{rel}","templated":true}]}}

<p class="p1">Salame Milano est l’une des charcuteries les plus<br />
connues et appréciées d’Italie.<br />
Caractérisé par un grain fin, une couleur rouge vif et un goût délicat avec de légères notes épicées, il est parfait pour les entrées, les sandwichs<br />
et les planches à découper.<br />
Il est produit avec de la viande de porc de haute qualité et une maturation lente qui améliore le goût doux et raffiné.</p>

<!-- This site is optimized with the Yoast SEO plugin v26.0 - https://yoast.com/wordpress/plugins/seo/ -->
<title>SALAME MILANO - I Macellotti</title>
<meta name="robots" content="index, follow, max-snippet:-1, max-image-preview:large, max-video-preview:-1" />
<link rel="canonical" href="https://imacellotti.it/fr/produit/salame-milano/" />
<meta property="og:locale" content="fr_FR" />
<meta property="og:type" content="article" />
<meta property="og:title" content="SALAME MILANO - I Macellotti" />
<meta property="og:description" content="Salame Milano est l’une des charcuteries les plus connues et appréciées d’Italie. Caractérisé par un grain fin, une couleur rouge vif et un goût délicat avec de légères notes épicées, il est parfait pour les entrées, les sandwichs et les planches à découper. Il est produit avec de la viande de porc de haute qualité et une maturation lente qui améliore le goût doux et raffiné." />
<meta property="og:url" content="https://imacellotti.it/fr/produit/salame-milano/" />
<meta property="og:site_name" content="I Macellotti" />
<meta property="article:modified_time" content="2025-09-25T22:32:43+00:00" />
<meta property="og:image" content="https://imacellotti.it/wp-content/uploads/2025/07/Salame-Milano-1.jpg" />
	<meta property="og:image:width" content="1080" />
	<meta property="og:image:height" content="1080" />
	<meta property="og:image:type" content="image/jpeg" />
<meta name="twitter:card" content="summary_large_image" />
<script type="application/ld+json" class="yoast-schema-graph">{"@context":"https://schema.org","@graph":[{"@type":"WebPage","@id":"https://imacellotti.it/fr/produit/salame-milano/","url":"https://imacellotti.it/fr/produit/salame-milano/","name":"SALAME MILANO - I Macellotti","isPartOf":{"@id":"https://imacellotti.it/#website"},"primaryImageOfPage":{"@id":"https://imacellotti.it/fr/produit/salame-milano/#primaryimage"},"image":{"@id":"https://imacellotti.it/fr/produit/salame-milano/#primaryimage"},"thumbnailUrl":"https://imacellotti.it/wp-content/uploads/2025/07/Salame-Milano-1.jpg","datePublished":"2025-07-02T09:44:12+00:00","dateModified":"2025-09-25T22:32:43+00:00","breadcrumb":{"@id":"https://imacellotti.it/fr/produit/salame-milano/#breadcrumb"},"inLanguage":"fr-FR","potentialAction":[{"@type":"ReadAction","target":["https://imacellotti.it/fr/produit/salame-milano/"]}]},{"@type":"ImageObject","inLanguage":"fr-FR","@id":"https://imacellotti.it/fr/produit/salame-milano/#primaryimage","url":"https://imacellotti.it/wp-content/uploads/2025/07/Salame-Milano-1.jpg","contentUrl":"https://imacellotti.it/wp-content/uploads/2025/07/Salame-Milano-1.jpg","width":1080,"height":1080},{"@type":"BreadcrumbList","@id":"https://imacellotti.it/fr/produit/salame-milano/#breadcrumb","itemListElement":[{"@type":"ListItem","position":1,"name":"Home","item":"https://imacellotti.it/"},{"@type":"ListItem","position":2,"name":"Boutique","item":"https://imacellotti.it/fr/boutique/"},{"@type":"ListItem","position":3,"name":"SALAME MILANO"}]},{"@type":"WebSite","@id":"https://imacellotti.it/#website","url":"https://imacellotti.it/","name":"I Macellotti","description":"Vente de produits alimentaires","publisher":{"@id":"https://imacellotti.it/#organization"},"potentialAction":[{"@type":"SearchAction","target":{"@type":"EntryPoint","urlTemplate":"https://imacellotti.it/?s={search_term_string}"},"query-input":{"@type":"PropertyValueSpecification","valueRequired":true,"valueName":"search_term_string"}}],"inLanguage":"fr-FR"},{"@type":"Organization","@id":"https://imacellotti.it/#organization","name":"I Macellotti","url":"https://imacellotti.it/","logo":{"@type":"ImageObject","inLanguage":"fr-FR","@id":"https://imacellotti.it/#/schema/logo/image/","url":"https://imacellotti.it/wp-content/uploads/2025/07/LOGO_ITA_SF_I_MACELLOTTI_SCRITTA_IN-marrone-scaled.png","contentUrl":"https://imacellotti.it/wp-content/uploads/2025/07/LOGO_ITA_SF_I_MACELLOTTI_SCRITTA_IN-marrone-scaled.png","width":2560,"height":2560,"caption":"I Macellotti"},"image":{"@id":"https://imacellotti.it/#/schema/logo/image/"}}]}</script>
<!-- / Yoast SEO plugin. -->

Salame Milano est l’une des charcuteries les plus connues et appréciées d’Italie. Caractérisé par un grain fin, une couleur rouge vif et un goût délicat avec de légères notes épicées, il est parfait pour les entrées, les sandwichs et les planches à découper. Il est produit avec de la viande de porc de haute qualité et une maturation lente qui améliore le goût doux et raffiné.
